{"id":3452,"date":"2024-04-15T12:16:17","date_gmt":"2024-04-15T12:16:17","guid":{"rendered":"https:\/\/www.wpd.fi\/svenska\/?page_id=3452"},"modified":"2025-05-02T12:37:10","modified_gmt":"2025-05-02T12:37:10","slug":"maaselankankaan_avajaiset","status":"publish","type":"page","link":"https:\/\/www.wpd.fi\/svenska\/maaselankankaan_avajaiset\/","title":{"rendered":"Tervetuloa Maasel\u00e4nkankaan tuulivoimapuiston avajaisiin 24.5.2025"},"content":{"rendered":"<p>Wpd Suomi Oy j\u00e4rjest\u00e4\u00e4 Maasel\u00e4nkankaan tuulivoimapuiston avajaiset yhteisty\u00f6ss\u00e4 Oulaisten kaupungin ja Oulaisten seurakunnan kanssa <strong>lauantaina 24.5.2025 klo 13.00-16.00<\/strong>. Tapahtumapaikan osoite on Pyh\u00e4joentie 847 , joka on noin 8 kilometrin p\u00e4\u00e4ss\u00e4 Oulaisten keskustasta. T\u00e4ss\u00e4 hienossa perhetapahtumassa esiintyy muun muassa viime vuonna 20-vuotistaiteilijauraansa viett\u00e4neen kalajokilaisen <strong>Hassu Hietalan<\/strong> bileb\u00e4ndi <strong>LP Allstars.<\/strong> Mukana menossa on paikallisten muusikoiden harmonikkaesitys sek\u00e4 oululainen ilmi\u00f6m\u00e4inen ammattitaikuri <strong>Roope Ylitalo<\/strong>. Tilaisuuden juontaa tv:st\u00e4kin tuttu urheilutoimittaja ja kokenut tapahtumajuontaja <strong>Antti Koivukangas.<\/strong><\/p>\n<p>Luvassa on my\u00f6s paljon tekemist\u00e4 nuorisolle ja perheen pienimmille, kuten pomppulinna, ponik\u00e4rryajelua, kasvomaalausta, onnenpy\u00f6ri\u00e4 sek\u00e4 muita mukavia pelej\u00e4 ja aktiviteetteja. Tarjolla on my\u00f6s maukasta ruokaa ja juomaa. Keittolounaan j\u00e4rjest\u00e4\u00e4 Pet\u00e4j\u00e4skosken kyl\u00e4yhdistys. Bussit kiert\u00e4v\u00e4t s\u00e4\u00e4nn\u00f6llisesti noin klo 13.30 alkaen tuulivoimala-alueella, jolloin vieraat p\u00e4\u00e4sev\u00e4t kierroksella tutustumaan tuulivoimalan toimintaan sek\u00e4 kurkistamaan sen sis\u00e4\u00e4n.<\/p>\n<p>Tapahtumaan on maksuttomat linja-autokuljetukset Oulaisten K-Supermarketin pihalta. L\u00e4ht\u00f6aika on <strong>klo 12.30<\/strong> (Oulaistenkatu 15-17), ja reitti kiert\u00e4\u00e4 Oulaisten rautatieaseman (Kinokulman elokuvateatteri) sek\u00e4 seurakuntakodin (Oulaistenkatu 59) kautta. Autolla p\u00e4\u00e4see perille, kun laittaa osoitteeksi Pyh\u00e4joentie 847. <strong>Huom!<\/strong> Pyyd\u00e4mme k\u00e4ytt\u00e4m\u00e4\u00e4n ensisijaisesti linja-autokuljetuksia alueen rajallisen parkkitilan vuoksi. Tapahtuma on maksuton ja p\u00e4ihteet\u00f6n.<\/p>\n<p><strong>Huom!<\/strong> Tapahtuma vaatii ennakkoilmoittautumisen viimeist\u00e4\u00e4n <strong>perjantaina 16.5.2025. <\/strong><a href=\"https:\/\/forms.office.com\/pages\/responsepage.aspx?id=RqP1Z770XECBMKUx6BdVHapVQlrMlE9DozvUcGmD4RpUNzdFNk9LVzRKS1M0RURTVFpJOFM5TUNRVC4u&amp;route=shorturl\">K\u00e4y siis ilmoittautumassa heti t\u00e4st\u00e4 linkist\u00e4!<\/a><\/p>\n<h3>Avajaisten aikataulu<\/h3>\n<ul>\n<li>Klo 12:30 Linja-autot l\u00e4htev\u00e4t tapahtumapaikalle<\/li>\n<li>Klo 13:00 Vierailijat saapuvat tapahtuma-alueelle<\/li>\n<li>Klo 13:15\u00a0 Avajaispuheet<\/li>\n<li>Klo 13:30 Tapahtumabussien aluekierrokset alkavat<\/li>\n<li>Klo 13:30 Oulaisten hanuristit esiintyy<\/li>\n<li>Klo 14:00 Taikuri Roope Ylitalo<\/li>\n<li>Klo 14:30 Oulaisten seurakunta: laululeikkej\u00e4 ja sketsej\u00e4<\/li>\n<li>Klo 15:00 Musiikkia ja viihdykett\u00e4, Hassu Hietalan LP Allstars<\/li>\n<li>Klo 16:00 Tapahtuma p\u00e4\u00e4ttyy, bussikuljetukset takaisin<\/li>\n<\/ul>\n<p>Huom. Muutokset ohjelmaan mahdollisia.<\/p>\n<p>&nbsp;<\/p>\n<p><img loading=\"lazy\" decoding=\"async\" class=\"alignnone wp-image-7714\" src=\"https:\/\/www.wpd.fi\/svenska\/wp-content\/uploads\/sites\/3\/2025\/04\/anttikoivukangas.jpg\" alt=\"\" width=\"486\" height=\"324\" srcset=\"https:\/\/www.wpd.fi\/svenska\/wp-content\/uploads\/sites\/3\/2025\/04\/anttikoivukangas.jpg 800w, https:\/\/www.wpd.fi\/svenska\/wp-content\/uploads\/sites\/3\/2025\/04\/anttikoivukangas-768x512.jpg 768w, https:\/\/www.wpd.fi\/svenska\/wp-content\/uploads\/sites\/3\/2025\/04\/anttikoivukangas-600x400.jpg 600w, https:\/\/www.wpd.fi\/svenska\/wp-content\/uploads\/sites\/3\/2025\/04\/anttikoivukangas-720x480.jpg 720w, https:\/\/www.wpd.fi\/svenska\/wp-content\/uploads\/sites\/3\/2025\/04\/anttikoivukangas-360x240.jpg 360w\" sizes=\"auto, (max-width: 486px) 100vw, 486px\" \/><\/p>\n<p>Tapahtuman juontaa Antti Koivukangas.<\/p>\n<p>&nbsp;<\/p>\n<p><img loading=\"lazy\" decoding=\"async\" class=\"alignnone wp-image-7710\" src=\"https:\/\/www.wpd.fi\/svenska\/wp-content\/uploads\/sites\/3\/2025\/04\/Taikuri_Roope_kuva-992x661.jpg\" alt=\"\" width=\"489\" height=\"326\" srcset=\"https:\/\/www.wpd.fi\/svenska\/wp-content\/uploads\/sites\/3\/2025\/04\/Taikuri_Roope_kuva-992x661.jpg 992w, https:\/\/www.wpd.fi\/svenska\/wp-content\/uploads\/sites\/3\/2025\/04\/Taikuri_Roope_kuva-1500x1000.jpg 1500w, https:\/\/www.wpd.fi\/svenska\/wp-content\/uploads\/sites\/3\/2025\/04\/Taikuri_Roope_kuva-768x512.jpg 768w, https:\/\/www.wpd.fi\/svenska\/wp-content\/uploads\/sites\/3\/2025\/04\/Taikuri_Roope_kuva-1536x1024.jpg 1536w, https:\/\/www.wpd.fi\/svenska\/wp-content\/uploads\/sites\/3\/2025\/04\/Taikuri_Roope_kuva-2048x1366.jpg 2048w, https:\/\/www.wpd.fi\/svenska\/wp-content\/uploads\/sites\/3\/2025\/04\/Taikuri_Roope_kuva-1984x1323.jpg 1984w, https:\/\/www.wpd.fi\/svenska\/wp-content\/uploads\/sites\/3\/2025\/04\/Taikuri_Roope_kuva-600x400.jpg 600w, https:\/\/www.wpd.fi\/svenska\/wp-content\/uploads\/sites\/3\/2025\/04\/Taikuri_Roope_kuva-720x480.jpg 720w, https:\/\/www.wpd.fi\/svenska\/wp-content\/uploads\/sites\/3\/2025\/04\/Taikuri_Roope_kuva-360x240.jpg 360w\" sizes=\"auto, (max-width: 489px) 100vw, 489px\" \/><\/p>\n<p>Taikuri Roope Ylitalo s\u00e4v\u00e4ytt\u00e4\u00e4 taikatempuillaan isoja ja pieni\u00e4.<\/p>\n<p>&nbsp;<\/p>\n<p><img loading=\"lazy\" decoding=\"async\" class=\"alignnone wp-image-7716\" src=\"https:\/\/www.wpd.fi\/svenska\/wp-content\/uploads\/sites\/3\/2025\/04\/lp_allstars-992x519.jpg\" alt=\"\" width=\"488\" height=\"255\" srcset=\"https:\/\/www.wpd.fi\/svenska\/wp-content\/uploads\/sites\/3\/2025\/04\/lp_allstars-992x519.jpg 992w, https:\/\/www.wpd.fi\/svenska\/wp-content\/uploads\/sites\/3\/2025\/04\/lp_allstars-768x402.jpg 768w, https:\/\/www.wpd.fi\/svenska\/wp-content\/uploads\/sites\/3\/2025\/04\/lp_allstars-600x314.jpg 600w, https:\/\/www.wpd.fi\/svenska\/wp-content\/uploads\/sites\/3\/2025\/04\/lp_allstars-720x377.jpg 720w, https:\/\/www.wpd.fi\/svenska\/wp-content\/uploads\/sites\/3\/2025\/04\/lp_allstars-360x188.jpg 360w, https:\/\/www.wpd.fi\/svenska\/wp-content\/uploads\/sites\/3\/2025\/04\/lp_allstars.jpg 1200w\" sizes=\"auto, (max-width: 488px) 100vw, 488px\" \/><\/p>\n<p>LP Allstars huipentaa iltap\u00e4iv\u00e4n tapahtuman.<\/p>\n<p>&nbsp;<\/p>\n<p><img loading=\"lazy\" decoding=\"async\" class=\"alignnone wp-image-7711\" src=\"https:\/\/www.wpd.fi\/svenska\/wp-content\/uploads\/sites\/3\/2025\/04\/Ponikuva-458x992.jpg\" alt=\"\" width=\"307\" height=\"665\" srcset=\"https:\/\/www.wpd.fi\/svenska\/wp-content\/uploads\/sites\/3\/2025\/04\/Ponikuva-458x992.jpg 458w, https:\/\/www.wpd.fi\/svenska\/wp-content\/uploads\/sites\/3\/2025\/04\/Ponikuva-693x1500.jpg 693w, https:\/\/www.wpd.fi\/svenska\/wp-content\/uploads\/sites\/3\/2025\/04\/Ponikuva-709x1536.jpg 709w, https:\/\/www.wpd.fi\/svenska\/wp-content\/uploads\/sites\/3\/2025\/04\/Ponikuva-600x1299.jpg 600w, https:\/\/www.wpd.fi\/svenska\/wp-content\/uploads\/sites\/3\/2025\/04\/Ponikuva-720x1559.jpg 720w, https:\/\/www.wpd.fi\/svenska\/wp-content\/uploads\/sites\/3\/2025\/04\/Ponikuva-360x779.jpg 360w, https:\/\/www.wpd.fi\/svenska\/wp-content\/uploads\/sites\/3\/2025\/04\/Ponikuva.jpg 739w\" sizes=\"auto, (max-width: 307px) 100vw, 307px\" \/><\/p>\n<p>Luvassa my\u00f6s k\u00e4rryajelua poneilla (kuvassa Rhonda-poni)<\/p>\n<p>&nbsp;<\/p>\n<p><strong>Lis\u00e4tiedot: <\/strong><\/p>\n<p>Hallintokoordinaattori Eeva Salmi, &#101;&#x2e;&#115;&#x61;&#108;&#x6d;i&#x40;w&#112;&#x64;&#46;&#x66;&#105;, p. 040 082 3822<br \/>\nViestint\u00e4johtaja Sari Krappe, &#x73;&#x2e;&#x6b;&#114;&#97;pp&#x65;&#x40;&#x77;&#x70;&#100;&#46;fi, p. 040 562 0040<\/p>\n","protected":false},"excerpt":{"rendered":"    0 a:1:{i:0;s:0:&#8221;&#8221;;} 0 ","protected":false},"author":20,"featured_media":7727,"parent":0,"menu_order":0,"comment_status":"closed","ping_status":"closed","template":"","meta":{"_acf_changed":false,"footnotes":""},"class_list":["post-3452","page","type-page","status-publish","has-post-thumbnail","hentry"],"acf":[],"yoast_head":"<!-- This site is optimized with the Yoast SEO plugin v27.0 - https:\/\/yoast.com\/product\/yoast-seo-wordpress\/ -->\n<title>Tervetuloa Maasel\u00e4nkankaan tuulivoimapuiston avajaisiin 24.5.2025<\/title>\n<meta name=\"description\" content=\"Wpd Suomi Oy j\u00e4rjest\u00e4\u00e4 Maasel\u00e4nkankaan tuulivoimapuiston avajaiset yhteisty\u00f6ss\u00e4 Oulaisten kaupungin ja Oulaisten seurakunnan kanssa lauantaina 24.5.2025 klo 13.00-16.00. Tapahtumapaikan osoite on Pyh\u00e4joentie 847 , joka on noin 8 kilometrin p\u00e4\u00e4s\" \/>\n<meta name=\"robots\" content=\"index, follow, max-snippet:-1, max-image-preview:large, max-video-preview:-1\" \/>\n<link rel=\"canonical\" href=\"https:\/\/www.wpd.fi\/svenska\/maaselankankaan_avajaiset\/\" \/>\n<meta property=\"og:locale\" content=\"en_US\" \/>\n<meta property=\"og:type\" content=\"article\" \/>\n<meta property=\"og:title\" content=\"Tervetuloa Maasel\u00e4nkankaan tuulivoimapuiston avajaisiin 24.5.2025\" \/>\n<meta property=\"og:description\" content=\"Wpd Suomi Oy j\u00e4rjest\u00e4\u00e4 Maasel\u00e4nkankaan tuulivoimapuiston avajaiset yhteisty\u00f6ss\u00e4 Oulaisten kaupungin ja Oulaisten seurakunnan kanssa lauantaina 24.5.2025 klo 13.00-16.00. Tapahtumapaikan osoite on Pyh\u00e4joentie 847 , joka on noin 8 kilometrin p\u00e4\u00e4s\" \/>\n<meta property=\"og:url\" content=\"https:\/\/www.wpd.fi\/svenska\/maaselankankaan_avajaiset\/\" \/>\n<meta property=\"og:site_name\" content=\"wpd.fi Svenska\" \/>\n<meta property=\"article:modified_time\" content=\"2025-05-02T12:37:10+00:00\" \/>\n<meta property=\"og:image\" content=\"https:\/\/www.wpd.fi\/svenska\/wp-content\/uploads\/sites\/3\/2025\/04\/Maaselankankaan-avajaiset-1920x800-V6-Web.jpg\" \/>\n\t<meta property=\"og:image:width\" content=\"1920\" \/>\n\t<meta property=\"og:image:height\" content=\"800\" \/>\n\t<meta property=\"og:image:type\" content=\"image\/jpeg\" \/>\n<meta name=\"twitter:card\" content=\"summary_large_image\" \/>\n<meta name=\"twitter:label1\" content=\"Est. reading time\" \/>\n\t<meta name=\"twitter:data1\" content=\"3 minutes\" \/>\n<script type=\"application\/ld+json\" class=\"yoast-schema-graph\">{\"@context\":\"https:\/\/schema.org\",\"@graph\":[{\"@type\":\"WebPage\",\"@id\":\"https:\/\/www.wpd.fi\/svenska\/maaselankankaan_avajaiset\/\",\"url\":\"https:\/\/www.wpd.fi\/svenska\/maaselankankaan_avajaiset\/\",\"name\":\"Tervetuloa Maasel\u00e4nkankaan tuulivoimapuiston avajaisiin 24.5.2025\",\"isPartOf\":{\"@id\":\"https:\/\/www.wpd.fi\/svenska\/#website\"},\"primaryImageOfPage\":{\"@id\":\"https:\/\/www.wpd.fi\/svenska\/maaselankankaan_avajaiset\/#primaryimage\"},\"image\":{\"@id\":\"https:\/\/www.wpd.fi\/svenska\/maaselankankaan_avajaiset\/#primaryimage\"},\"thumbnailUrl\":\"https:\/\/www.wpd.fi\/svenska\/wp-content\/uploads\/sites\/3\/2025\/04\/Maaselankankaan-avajaiset-1920x800-V6-Web.jpg\",\"datePublished\":\"2024-04-15T12:16:17+00:00\",\"dateModified\":\"2025-05-02T12:37:10+00:00\",\"breadcrumb\":{\"@id\":\"https:\/\/www.wpd.fi\/svenska\/maaselankankaan_avajaiset\/#breadcrumb\"},\"inLanguage\":\"en-US\",\"potentialAction\":[{\"@type\":\"ReadAction\",\"target\":[\"https:\/\/www.wpd.fi\/svenska\/maaselankankaan_avajaiset\/\"]}]},{\"@type\":\"ImageObject\",\"inLanguage\":\"en-US\",\"@id\":\"https:\/\/www.wpd.fi\/svenska\/maaselankankaan_avajaiset\/#primaryimage\",\"url\":\"https:\/\/www.wpd.fi\/svenska\/wp-content\/uploads\/sites\/3\/2025\/04\/Maaselankankaan-avajaiset-1920x800-V6-Web.jpg\",\"contentUrl\":\"https:\/\/www.wpd.fi\/svenska\/wp-content\/uploads\/sites\/3\/2025\/04\/Maaselankankaan-avajaiset-1920x800-V6-Web.jpg\",\"width\":1920,\"height\":800},{\"@type\":\"BreadcrumbList\",\"@id\":\"https:\/\/www.wpd.fi\/svenska\/maaselankankaan_avajaiset\/#breadcrumb\",\"itemListElement\":[{\"@type\":\"ListItem\",\"position\":1,\"name\":\"Startseite\",\"item\":\"https:\/\/www.wpd.fi\/svenska\/\"},{\"@type\":\"ListItem\",\"position\":2,\"name\":\"Tervetuloa Maasel\u00e4nkankaan tuulivoimapuiston avajaisiin 24.5.2025\"}]},{\"@type\":\"WebSite\",\"@id\":\"https:\/\/www.wpd.fi\/svenska\/#website\",\"url\":\"https:\/\/www.wpd.fi\/svenska\/\",\"name\":\"wpd.fi Svenska\",\"description\":\"Utveckling, konstruktion och drift av projekt inom f\u00f6rnybar energi\",\"potentialAction\":[{\"@type\":\"SearchAction\",\"target\":{\"@type\":\"EntryPoint\",\"urlTemplate\":\"https:\/\/www.wpd.fi\/svenska\/?s={search_term_string}\"},\"query-input\":{\"@type\":\"PropertyValueSpecification\",\"valueRequired\":true,\"valueName\":\"search_term_string\"}}],\"inLanguage\":\"en-US\"}]}<\/script>\n<!-- \/ Yoast SEO plugin. -->","yoast_head_json":{"title":"Tervetuloa Maasel\u00e4nkankaan tuulivoimapuiston avajaisiin 24.5.2025","description":"Wpd Suomi Oy j\u00e4rjest\u00e4\u00e4 Maasel\u00e4nkankaan tuulivoimapuiston avajaiset yhteisty\u00f6ss\u00e4 Oulaisten kaupungin ja Oulaisten seurakunnan kanssa lauantaina 24.5.2025 klo 13.00-16.00. Tapahtumapaikan osoite on Pyh\u00e4joentie 847 , joka on noin 8 kilometrin p\u00e4\u00e4s","robots":{"index":"index","follow":"follow","max-snippet":"max-snippet:-1","max-image-preview":"max-image-preview:large","max-video-preview":"max-video-preview:-1"},"canonical":"https:\/\/www.wpd.fi\/svenska\/maaselankankaan_avajaiset\/","og_locale":"en_US","og_type":"article","og_title":"Tervetuloa Maasel\u00e4nkankaan tuulivoimapuiston avajaisiin 24.5.2025","og_description":"Wpd Suomi Oy j\u00e4rjest\u00e4\u00e4 Maasel\u00e4nkankaan tuulivoimapuiston avajaiset yhteisty\u00f6ss\u00e4 Oulaisten kaupungin ja Oulaisten seurakunnan kanssa lauantaina 24.5.2025 klo 13.00-16.00. Tapahtumapaikan osoite on Pyh\u00e4joentie 847 , joka on noin 8 kilometrin p\u00e4\u00e4s","og_url":"https:\/\/www.wpd.fi\/svenska\/maaselankankaan_avajaiset\/","og_site_name":"wpd.fi Svenska","article_modified_time":"2025-05-02T12:37:10+00:00","og_image":[{"width":1920,"height":800,"url":"https:\/\/www.wpd.fi\/svenska\/wp-content\/uploads\/sites\/3\/2025\/04\/Maaselankankaan-avajaiset-1920x800-V6-Web.jpg","type":"image\/jpeg"}],"twitter_card":"summary_large_image","twitter_misc":{"Est. reading time":"3 minutes"},"schema":{"@context":"https:\/\/schema.org","@graph":[{"@type":"WebPage","@id":"https:\/\/www.wpd.fi\/svenska\/maaselankankaan_avajaiset\/","url":"https:\/\/www.wpd.fi\/svenska\/maaselankankaan_avajaiset\/","name":"Tervetuloa Maasel\u00e4nkankaan tuulivoimapuiston avajaisiin 24.5.2025","isPartOf":{"@id":"https:\/\/www.wpd.fi\/svenska\/#website"},"primaryImageOfPage":{"@id":"https:\/\/www.wpd.fi\/svenska\/maaselankankaan_avajaiset\/#primaryimage"},"image":{"@id":"https:\/\/www.wpd.fi\/svenska\/maaselankankaan_avajaiset\/#primaryimage"},"thumbnailUrl":"https:\/\/www.wpd.fi\/svenska\/wp-content\/uploads\/sites\/3\/2025\/04\/Maaselankankaan-avajaiset-1920x800-V6-Web.jpg","datePublished":"2024-04-15T12:16:17+00:00","dateModified":"2025-05-02T12:37:10+00:00","breadcrumb":{"@id":"https:\/\/www.wpd.fi\/svenska\/maaselankankaan_avajaiset\/#breadcrumb"},"inLanguage":"en-US","potentialAction":[{"@type":"ReadAction","target":["https:\/\/www.wpd.fi\/svenska\/maaselankankaan_avajaiset\/"]}]},{"@type":"ImageObject","inLanguage":"en-US","@id":"https:\/\/www.wpd.fi\/svenska\/maaselankankaan_avajaiset\/#primaryimage","url":"https:\/\/www.wpd.fi\/svenska\/wp-content\/uploads\/sites\/3\/2025\/04\/Maaselankankaan-avajaiset-1920x800-V6-Web.jpg","contentUrl":"https:\/\/www.wpd.fi\/svenska\/wp-content\/uploads\/sites\/3\/2025\/04\/Maaselankankaan-avajaiset-1920x800-V6-Web.jpg","width":1920,"height":800},{"@type":"BreadcrumbList","@id":"https:\/\/www.wpd.fi\/svenska\/maaselankankaan_avajaiset\/#breadcrumb","itemListElement":[{"@type":"ListItem","position":1,"name":"Startseite","item":"https:\/\/www.wpd.fi\/svenska\/"},{"@type":"ListItem","position":2,"name":"Tervetuloa Maasel\u00e4nkankaan tuulivoimapuiston avajaisiin 24.5.2025"}]},{"@type":"WebSite","@id":"https:\/\/www.wpd.fi\/svenska\/#website","url":"https:\/\/www.wpd.fi\/svenska\/","name":"wpd.fi Svenska","description":"Utveckling, konstruktion och drift av projekt inom f\u00f6rnybar energi","potentialAction":[{"@type":"SearchAction","target":{"@type":"EntryPoint","urlTemplate":"https:\/\/www.wpd.fi\/svenska\/?s={search_term_string}"},"query-input":{"@type":"PropertyValueSpecification","valueRequired":true,"valueName":"search_term_string"}}],"inLanguage":"en-US"}]}},"publishpress_future_action":{"enabled":false,"date":"2026-05-01 02:09:19","action":"change-status","newStatus":"draft","terms":[],"taxonomy":"","extraData":[]},"publishpress_future_workflow_manual_trigger":{"enabledWorkflows":[]},"_links":{"self":[{"href":"https:\/\/www.wpd.fi\/svenska\/wp-json\/wp\/v2\/pages\/3452","targetHints":{"allow":["GET"]}}],"collection":[{"href":"https:\/\/www.wpd.fi\/svenska\/wp-json\/wp\/v2\/pages"}],"about":[{"href":"https:\/\/www.wpd.fi\/svenska\/wp-json\/wp\/v2\/types\/page"}],"author":[{"embeddable":true,"href":"https:\/\/www.wpd.fi\/svenska\/wp-json\/wp\/v2\/users\/20"}],"replies":[{"embeddable":true,"href":"https:\/\/www.wpd.fi\/svenska\/wp-json\/wp\/v2\/comments?post=3452"}],"version-history":[{"count":129,"href":"https:\/\/www.wpd.fi\/svenska\/wp-json\/wp\/v2\/pages\/3452\/revisions"}],"predecessor-version":[{"id":7749,"href":"https:\/\/www.wpd.fi\/svenska\/wp-json\/wp\/v2\/pages\/3452\/revisions\/7749"}],"wp:featuredmedia":[{"embeddable":true,"href":"https:\/\/www.wpd.fi\/svenska\/wp-json\/wp\/v2\/media\/7727"}],"wp:attachment":[{"href":"https:\/\/www.wpd.fi\/svenska\/wp-json\/wp\/v2\/media?parent=3452"}],"curies":[{"name":"wp","href":"https:\/\/api.w.org\/{rel}","templated":true}]}}