{"id":406,"date":"2020-04-29T11:30:03","date_gmt":"2020-04-29T11:30:03","guid":{"rendered":"http:\/\/staging.wpd.fi\/?page_id=406"},"modified":"2026-02-23T08:40:36","modified_gmt":"2026-02-23T08:40:36","slug":"kontaktformular","status":"publish","type":"page","link":"https:\/\/www.wpd.fi\/svenska\/kontaktformular\/","title":{"rendered":"Kontaktformul\u00e4r"},"content":{"rendered":"<p>\u00c4r du intresserad av att hyra mark f\u00f6r wpd eller vill du ge oss feedback? V\u00e4nligen fyll i formul\u00e4ret nedan f\u00f6r att l\u00e4mna en kontaktf\u00f6rfr\u00e5gan \u2013 vi f\u00f6rs\u00f6ker svara dig s\u00e5 snart som m\u00f6jligt.<\/p>\n<p>Vid br\u00e5dskande \u00e4renden kan du kontakta oss direkt via telefon eller e-post:<br \/>\n<a class=\"btn btn-default btn-teaser content-btn\" href=\"https:\/\/www.wpd.fi\/svenska\/yhteystiedot\/\">Kontaktuppgifter<\/a><\/p>\n<p>&nbsp;<\/p>\n","protected":false},"excerpt":{"rendered":"a:1:{i:0;s:0:&#8221;&#8221;;}  a:1:{i:0;s:3:&#8221;314&#8243;;}    0 0 0 ","protected":false},"author":1,"featured_media":6281,"parent":0,"menu_order":16,"comment_status":"closed","ping_status":"closed","template":"template-kontaktformular.php","meta":{"_acf_changed":false,"footnotes":""},"class_list":["post-406","page","type-page","status-publish","has-post-thumbnail","hentry"],"acf":[],"yoast_head":"<!-- This site is optimized with the Yoast SEO plugin v27.0 - https:\/\/yoast.com\/product\/yoast-seo-wordpress\/ -->\n<title>Kontaktformul\u00e4r<\/title>\n<meta name=\"description\" content=\"\u00c4r du intresserad av att hyra mark f\u00f6r wpd eller vill du ge oss feedback? V\u00e4nligen fyll i formul\u00e4ret nedan f\u00f6r att l\u00e4mna en kontaktf\u00f6rfr\u00e5gan.\" \/>\n<meta name=\"robots\" content=\"index, follow, max-snippet:-1, max-image-preview:large, max-video-preview:-1\" \/>\n<link rel=\"canonical\" href=\"https:\/\/www.wpd.fi\/svenska\/kontaktformular\/\" \/>\n<meta property=\"og:locale\" content=\"en_US\" \/>\n<meta property=\"og:type\" content=\"article\" \/>\n<meta property=\"og:title\" content=\"Kontaktformul\u00e4r\" \/>\n<meta property=\"og:description\" content=\"\u00c4r du intresserad av att hyra mark f\u00f6r wpd eller vill du ge oss feedback? V\u00e4nligen fyll i formul\u00e4ret nedan f\u00f6r att l\u00e4mna en kontaktf\u00f6rfr\u00e5gan.\" \/>\n<meta property=\"og:url\" content=\"https:\/\/www.wpd.fi\/svenska\/kontaktformular\/\" \/>\n<meta property=\"og:site_name\" content=\"wpd.fi Svenska\" \/>\n<meta property=\"article:modified_time\" content=\"2026-02-23T08:40:36+00:00\" \/>\n<meta property=\"og:image\" content=\"https:\/\/www.wpd.fi\/svenska\/wp-content\/uploads\/sites\/3\/2023\/12\/Hauksuonneva-scaled-e1736497363176.jpg\" \/>\n\t<meta property=\"og:image:width\" content=\"2253\" \/>\n\t<meta property=\"og:image:height\" content=\"917\" \/>\n\t<meta property=\"og:image:type\" content=\"image\/jpeg\" \/>\n<meta name=\"twitter:card\" content=\"summary_large_image\" \/>\n<meta name=\"twitter:label1\" content=\"Est. reading time\" \/>\n\t<meta name=\"twitter:data1\" content=\"1 minute\" \/>\n<script type=\"application\/ld+json\" class=\"yoast-schema-graph\">{\"@context\":\"https:\/\/schema.org\",\"@graph\":[{\"@type\":\"WebPage\",\"@id\":\"https:\/\/www.wpd.fi\/svenska\/kontaktformular\/\",\"url\":\"https:\/\/www.wpd.fi\/svenska\/kontaktformular\/\",\"name\":\"Kontaktformul\u00e4r\",\"isPartOf\":{\"@id\":\"https:\/\/www.wpd.fi\/svenska\/#website\"},\"primaryImageOfPage\":{\"@id\":\"https:\/\/www.wpd.fi\/svenska\/kontaktformular\/#primaryimage\"},\"image\":{\"@id\":\"https:\/\/www.wpd.fi\/svenska\/kontaktformular\/#primaryimage\"},\"thumbnailUrl\":\"https:\/\/www.wpd.fi\/svenska\/wp-content\/uploads\/sites\/3\/2023\/12\/Hauksuonneva-scaled-e1736497363176.jpg\",\"datePublished\":\"2020-04-29T11:30:03+00:00\",\"dateModified\":\"2026-02-23T08:40:36+00:00\",\"description\":\"\u00c4r du intresserad av att hyra mark f\u00f6r wpd eller vill du ge oss feedback? V\u00e4nligen fyll i formul\u00e4ret nedan f\u00f6r att l\u00e4mna en kontaktf\u00f6rfr\u00e5gan.\",\"breadcrumb\":{\"@id\":\"https:\/\/www.wpd.fi\/svenska\/kontaktformular\/#breadcrumb\"},\"inLanguage\":\"en-US\",\"potentialAction\":[{\"@type\":\"ReadAction\",\"target\":[\"https:\/\/www.wpd.fi\/svenska\/kontaktformular\/\"]}]},{\"@type\":\"ImageObject\",\"inLanguage\":\"en-US\",\"@id\":\"https:\/\/www.wpd.fi\/svenska\/kontaktformular\/#primaryimage\",\"url\":\"https:\/\/www.wpd.fi\/svenska\/wp-content\/uploads\/sites\/3\/2023\/12\/Hauksuonneva-scaled-e1736497363176.jpg\",\"contentUrl\":\"https:\/\/www.wpd.fi\/svenska\/wp-content\/uploads\/sites\/3\/2023\/12\/Hauksuonneva-scaled-e1736497363176.jpg\",\"width\":2253,\"height\":917,\"caption\":\"default\"},{\"@type\":\"BreadcrumbList\",\"@id\":\"https:\/\/www.wpd.fi\/svenska\/kontaktformular\/#breadcrumb\",\"itemListElement\":[{\"@type\":\"ListItem\",\"position\":1,\"name\":\"Startseite\",\"item\":\"https:\/\/www.wpd.fi\/svenska\/\"},{\"@type\":\"ListItem\",\"position\":2,\"name\":\"Kontaktformul\u00e4r\"}]},{\"@type\":\"WebSite\",\"@id\":\"https:\/\/www.wpd.fi\/svenska\/#website\",\"url\":\"https:\/\/www.wpd.fi\/svenska\/\",\"name\":\"wpd.fi Svenska\",\"description\":\"Utveckling, konstruktion och drift av projekt inom f\u00f6rnybar energi\",\"potentialAction\":[{\"@type\":\"SearchAction\",\"target\":{\"@type\":\"EntryPoint\",\"urlTemplate\":\"https:\/\/www.wpd.fi\/svenska\/?s={search_term_string}\"},\"query-input\":{\"@type\":\"PropertyValueSpecification\",\"valueRequired\":true,\"valueName\":\"search_term_string\"}}],\"inLanguage\":\"en-US\"}]}<\/script>\n<!-- \/ Yoast SEO plugin. -->","yoast_head_json":{"title":"Kontaktformul\u00e4r","description":"\u00c4r du intresserad av att hyra mark f\u00f6r wpd eller vill du ge oss feedback? V\u00e4nligen fyll i formul\u00e4ret nedan f\u00f6r att l\u00e4mna en kontaktf\u00f6rfr\u00e5gan.","robots":{"index":"index","follow":"follow","max-snippet":"max-snippet:-1","max-image-preview":"max-image-preview:large","max-video-preview":"max-video-preview:-1"},"canonical":"https:\/\/www.wpd.fi\/svenska\/kontaktformular\/","og_locale":"en_US","og_type":"article","og_title":"Kontaktformul\u00e4r","og_description":"\u00c4r du intresserad av att hyra mark f\u00f6r wpd eller vill du ge oss feedback? V\u00e4nligen fyll i formul\u00e4ret nedan f\u00f6r att l\u00e4mna en kontaktf\u00f6rfr\u00e5gan.","og_url":"https:\/\/www.wpd.fi\/svenska\/kontaktformular\/","og_site_name":"wpd.fi Svenska","article_modified_time":"2026-02-23T08:40:36+00:00","og_image":[{"width":2253,"height":917,"url":"https:\/\/www.wpd.fi\/svenska\/wp-content\/uploads\/sites\/3\/2023\/12\/Hauksuonneva-scaled-e1736497363176.jpg","type":"image\/jpeg"}],"twitter_card":"summary_large_image","twitter_misc":{"Est. reading time":"1 minute"},"schema":{"@context":"https:\/\/schema.org","@graph":[{"@type":"WebPage","@id":"https:\/\/www.wpd.fi\/svenska\/kontaktformular\/","url":"https:\/\/www.wpd.fi\/svenska\/kontaktformular\/","name":"Kontaktformul\u00e4r","isPartOf":{"@id":"https:\/\/www.wpd.fi\/svenska\/#website"},"primaryImageOfPage":{"@id":"https:\/\/www.wpd.fi\/svenska\/kontaktformular\/#primaryimage"},"image":{"@id":"https:\/\/www.wpd.fi\/svenska\/kontaktformular\/#primaryimage"},"thumbnailUrl":"https:\/\/www.wpd.fi\/svenska\/wp-content\/uploads\/sites\/3\/2023\/12\/Hauksuonneva-scaled-e1736497363176.jpg","datePublished":"2020-04-29T11:30:03+00:00","dateModified":"2026-02-23T08:40:36+00:00","description":"\u00c4r du intresserad av att hyra mark f\u00f6r wpd eller vill du ge oss feedback? V\u00e4nligen fyll i formul\u00e4ret nedan f\u00f6r att l\u00e4mna en kontaktf\u00f6rfr\u00e5gan.","breadcrumb":{"@id":"https:\/\/www.wpd.fi\/svenska\/kontaktformular\/#breadcrumb"},"inLanguage":"en-US","potentialAction":[{"@type":"ReadAction","target":["https:\/\/www.wpd.fi\/svenska\/kontaktformular\/"]}]},{"@type":"ImageObject","inLanguage":"en-US","@id":"https:\/\/www.wpd.fi\/svenska\/kontaktformular\/#primaryimage","url":"https:\/\/www.wpd.fi\/svenska\/wp-content\/uploads\/sites\/3\/2023\/12\/Hauksuonneva-scaled-e1736497363176.jpg","contentUrl":"https:\/\/www.wpd.fi\/svenska\/wp-content\/uploads\/sites\/3\/2023\/12\/Hauksuonneva-scaled-e1736497363176.jpg","width":2253,"height":917,"caption":"default"},{"@type":"BreadcrumbList","@id":"https:\/\/www.wpd.fi\/svenska\/kontaktformular\/#breadcrumb","itemListElement":[{"@type":"ListItem","position":1,"name":"Startseite","item":"https:\/\/www.wpd.fi\/svenska\/"},{"@type":"ListItem","position":2,"name":"Kontaktformul\u00e4r"}]},{"@type":"WebSite","@id":"https:\/\/www.wpd.fi\/svenska\/#website","url":"https:\/\/www.wpd.fi\/svenska\/","name":"wpd.fi Svenska","description":"Utveckling, konstruktion och drift av projekt inom f\u00f6rnybar energi","potentialAction":[{"@type":"SearchAction","target":{"@type":"EntryPoint","urlTemplate":"https:\/\/www.wpd.fi\/svenska\/?s={search_term_string}"},"query-input":{"@type":"PropertyValueSpecification","valueRequired":true,"valueName":"search_term_string"}}],"inLanguage":"en-US"}]}},"publishpress_future_action":{"enabled":false,"date":"2026-04-30 23:26:56","action":"change-status","newStatus":"draft","terms":[],"taxonomy":"","extraData":[]},"publishpress_future_workflow_manual_trigger":{"enabledWorkflows":[]},"_links":{"self":[{"href":"https:\/\/www.wpd.fi\/svenska\/wp-json\/wp\/v2\/pages\/406","targetHints":{"allow":["GET"]}}],"collection":[{"href":"https:\/\/www.wpd.fi\/svenska\/wp-json\/wp\/v2\/pages"}],"about":[{"href":"https:\/\/www.wpd.fi\/svenska\/wp-json\/wp\/v2\/types\/page"}],"author":[{"embeddable":true,"href":"https:\/\/www.wpd.fi\/svenska\/wp-json\/wp\/v2\/users\/1"}],"replies":[{"embeddable":true,"href":"https:\/\/www.wpd.fi\/svenska\/wp-json\/wp\/v2\/comments?post=406"}],"version-history":[{"count":21,"href":"https:\/\/www.wpd.fi\/svenska\/wp-json\/wp\/v2\/pages\/406\/revisions"}],"predecessor-version":[{"id":8161,"href":"https:\/\/www.wpd.fi\/svenska\/wp-json\/wp\/v2\/pages\/406\/revisions\/8161"}],"wp:featuredmedia":[{"embeddable":true,"href":"https:\/\/www.wpd.fi\/svenska\/wp-json\/wp\/v2\/media\/6281"}],"wp:attachment":[{"href":"https:\/\/www.wpd.fi\/svenska\/wp-json\/wp\/v2\/media?parent=406"}],"curies":[{"name":"wp","href":"https:\/\/api.w.org\/{rel}","templated":true}]}}