{"id":4215,"date":"2024-07-10T08:24:13","date_gmt":"2024-07-10T08:24:13","guid":{"rendered":"https:\/\/www.wpd.fi\/svenska\/?page_id=4215"},"modified":"2026-02-23T07:16:16","modified_gmt":"2026-02-23T07:16:16","slug":"till_markagaren","status":"publish","type":"page","link":"https:\/\/www.wpd.fi\/svenska\/till_markagaren\/","title":{"rendered":"Till mark\u00e4garen"},"content":{"rendered":"","protected":false},"excerpt":{"rendered":"G\u00e5 med oss \u2013 l\u00e5t oss f\u00f6r\u00e4ndra v\u00e4rlden tillsammans Genom att hyra ut din mark f\u00f6r ett projekt inom f\u00f6rnybar energi m\u00f6jligg\u00f6r du produktion av ren energi, bidrar till kampen mot klimatf\u00f6r\u00e4ndringarna och utnyttjar din mark p\u00e5 ett h\u00e5llbart s\u00e4tt. Samtidigt s\u00e4kerst\u00e4ller du en stabil inkomst f\u00f6r dig sj\u00e4lv under flera decennier.\r\n\r\nWpd Suomi har utformat och byggt vindkraftsprojekt i hela Finland i \u00f6ver ett decennium. Vi har f\u00e5tt positiv feedback f\u00f6r v\u00e5rt l\u00f6sningsorienterade arbetss\u00e4tt, v\u00e5ra h\u00f6gkvalitativa projekt och v\u00e5r \u00f6ppna kommunikation. V\u00e5r verksamhetsmodell och v\u00e5r omfattande erfarenhet g\u00f6r det enkelt och bekymmersfritt f\u00f6r mark\u00e4gare att teckna ett markarrendeavtal.\r\n\r\nVi anv\u00e4nder inte mellanh\u00e4nder i kontraktsf\u00f6rhandlingar och vi s\u00e4ljer inte heller projekt under projektutvecklingsfasen. Vi planerar alltid projekt f\u00f6r eget \u00e4gande och genomf\u00f6r dem sj\u00e4lva, fr\u00e5n de inledande markarrendef\u00f6rhandlingarna till produktionsfasen.\r\n\r\nL\u00e4s mer om wpd Finlands projekt:\r\n[insert_button link=\"https:\/\/www.wpd.fi\/svenska\/projekt-i-finland\/\" button_text=\"Projekt i Finland\"] weiss    a:5:{i:0;s:11:&#8221;text-normal&#8221;;i:1;s:11:&#8221;text-normal&#8221;;i:2;s:11:&#8221;text-normal&#8221;;i:3;s:11:&#8221;text-normal&#8221;;i:4;s:16:&#8221;aktuelles_slider&#8221;;}   a:1:{i:0;s:4:&#8221;1380&#8243;;}  0 a:1:{i:0;s:0:&#8221;&#8221;;} \u00c4r mitt land l\u00e4mpligt f\u00f6r vind- eller solenergi? N\u00e4r man kartl\u00e4gger nya omr\u00e5den m\u00e5ste m\u00e5nga olika faktorer beaktas. S\u00e4rskilt vid vindkraftsprojekt \u00e4r det viktigt att projektomr\u00e5det \u00e4r stort och obebott. Du beh\u00f6ver dock inte veta om din fastighet \u00e4r l\u00e4mplig f\u00f6r ett f\u00f6rnybart energiprojekt, eftersom vi sk\u00f6ter den inledande kartl\u00e4ggningen \u00e5t dig. Det \u00e4r viktigt f\u00f6r oss att mark\u00e4garen f\u00f6rst\u00e5r avtalets inneh\u00e5ll i detalj, s\u00e5 i alla v\u00e5ra projekt tar vi oss tid att g\u00e5 igenom avtalet med mark\u00e4garen innan det undertecknas.\r\n\r\nOm du \u00e4r intresserad av att hyra ut din mark till wpd \u00e4r du v\u00e4lkommen att kontakta Simon Str\u00f6mg\u00e5rd.\r\n\r\nDu kan ocks\u00e5 fylla i kontaktformul\u00e4ret:\r\n[insert_button link=\"https:\/\/www.wpd.fi\/svenska\/yhteydenottolomake\/\" button_text=\"Ota yhteytt\u00e4!\"] grau   5693 0 fiftififti links Varf\u00f6r teckna ett markarrendeavtal? <hr \/>\r\n\r\n<h3><img loading=\"lazy\" decoding=\"async\" class=\"alignleft wp-image-4316\" src=\"https:\/\/www.wpd.fi\/svenska\/wp-content\/uploads\/sites\/3\/2024\/07\/vuokratulo.png\" alt=\"\" width=\"120\" height=\"123\" \/>S\u00e4ker avkastning l\u00e5ngt in i framtiden<\/h3>\r\nMarkarrendeavtal f\u00f6r vind- och solkraftsprojekt ing\u00e5s vanligtvis f\u00f6r l\u00e5nga perioder, \u00e4ven \u00f6ver 50 \u00e5r. Arrendeavtalet \u00f6verf\u00f6rs ocks\u00e5 till efterf\u00f6ljande generationer eller till k\u00f6paren av fastigheten.\r\nHyran fastst\u00e4lls ofta separat f\u00f6r projektets planerings- och produktionsperioder, d\u00e4r hyran under produktionsperioden \u00e4r betydligt h\u00f6gre. N\u00e4r projektet v\u00e4l har genomf\u00f6rts betalas hyran under flera decennier.\r\n\r\n<hr \/>\r\n\r\n<h3><img loading=\"lazy\" decoding=\"async\" class=\"alignleft wp-image-3803\" src=\"https:\/\/www.wpd.fi\/svenska\/wp-content\/uploads\/sites\/3\/2024\/07\/arvokohde.png\" alt=\"\" width=\"124\" height=\"121\" \/>Markanv\u00e4ndningen blir mer effektiv<\/h3>\r\nGenom att hyra ut din mark maximerar du vinsten fr\u00e5n den. Vindkraftprojekt hindrar vanligtvis inte anv\u00e4ndningen av omr\u00e5den f\u00f6r skogsbruk, jakt eller andra konventionella anv\u00e4ndningsomr\u00e5den. Solkraftverk \u00e4r s\u00e4rskilt v\u00e4l l\u00e4mpade f\u00f6r \u00f6demark, tidigare torvmarker och jordbruksmark av d\u00e5lig kvalitet, som kan vara sv\u00e5ra att utnyttja effektivt p\u00e5 andra s\u00e4tt.\r\n\r\n<hr \/>\r\n\r\n<h3><img loading=\"lazy\" decoding=\"async\" class=\"alignleft wp-image-3789\" src=\"https:\/\/www.wpd.fi\/svenska\/wp-content\/uploads\/sites\/3\/2024\/07\/voimalat.png\" alt=\"\" width=\"120\" height=\"128\" \/>Finlands sj\u00e4lvf\u00f6rs\u00f6rjning av energi f\u00f6rb\u00e4ttras<\/h3>\r\nEnligt ber\u00e4kningar fr\u00e5n arbets- och n\u00e4ringsministeriet kommer Finlands energif\u00f6rbrukning att \u00f6ka betydligt under de kommande \u00e5rtiondena. Det finns ett kontinuerligt behov av ny inhemsk elproduktion. Vind- och solkraftsprojekt spelar ocks\u00e5 en viktig roll f\u00f6r att locka betydande investeringar i gr\u00f6n industri till Finland..\r\n\r\n<hr \/>\r\n\r\n<h3><img loading=\"lazy\" decoding=\"async\" class=\"alignleft wp-image-3816\" src=\"https:\/\/www.wpd.fi\/svenska\/wp-content\/uploads\/sites\/3\/2024\/07\/peukku.png\" alt=\"\" width=\"125\" height=\"128\" \/>Ingen fara \u2013 hyresg\u00e4sten tar hand om allt<\/h3>\r\nSom hyresg\u00e4st ansvarar vi f\u00f6r att genomf\u00f6ra unders\u00f6kningar av projektomr\u00e5det, hantera tillst\u00e5ndsfr\u00e5gor och se till att projektet fortskrider. Vi uppr\u00e4ttar ett hyresavtal som tar h\u00e4nsyn till potentiella risker och \u00f6verraskningar. De rivningsgarantier som ing\u00e5r i avtalet s\u00e4kerst\u00e4ller ocks\u00e5 att kraftverken rivs n\u00e4r produktionen upph\u00f6r och att wpd st\u00e5r f\u00f6r kostnaderna. Vi h\u00e5ller mark\u00e4garna uppdaterade om projektets framsteg och \u00e4r alltid l\u00e4tta att n\u00e5 om de har fr\u00e5gor.\r\n\r\n<hr \/>\r\n\r\n&nbsp; weiss    Erfarenhet som trumfkort <span style=\"color: #333399\">Vi har redan byggt sju vindkraftsprojekt i Finland. Vi vet vad som kr\u00e4vs f\u00f6r att genomf\u00f6ra projekt och vilka utmaningar som kan uppst\u00e5 l\u00e4ngs v\u00e4gen.<\/span>\r\n\r\n<span style=\"color: #333399\">Som mark\u00e4gare kan du lita p\u00e5 att vi \u00e4r engagerade i varje projekt och att vi utf\u00f6r v\u00e5rt arbete med h\u00f6g kvalitet.<\/span>\r\n\r\n<span style=\"color: #000080\">L\u00e4s mer om v\u00e5ra projekt:<\/span>\r\n[insert_button link=\"https:\/\/www.wpd.fi\/svenska\/projekt-i-finland\/\" button_text=\"wpd vindkraftprojekt i Finland\"] ultra-hellblau   5697 0 fiftififti rechts Till mark\u00e4garen   0 kein_schmuck 0     1 kein_schmuck 0    0 kein_schmuck 0     0 kein_schmuck 0 0   weiss kein_schmuck ","protected":false},"author":14,"featured_media":6693,"parent":0,"menu_order":0,"comment_status":"closed","ping_status":"closed","template":"template-flexible-contents.php","meta":{"_acf_changed":false,"footnotes":""},"class_list":["post-4215","page","type-page","status-publish","has-post-thumbnail","hentry"],"acf":[],"yoast_head":"<!-- This site is optimized with the Yoast SEO plugin v27.0 - https:\/\/yoast.com\/product\/yoast-seo-wordpress\/ -->\n<title>Till mark\u00e4garen<\/title>\n<meta name=\"description\" content=\"V\u00e5r verksamhetsmodell och v\u00e5r omfattande erfarenhet p\u00e5 wpd g\u00f6r det enkelt och bekymmersfritt f\u00f6r mark\u00e4gare att teckna ett markarrendeavtal.\" \/>\n<meta name=\"robots\" content=\"index, follow, max-snippet:-1, max-image-preview:large, max-video-preview:-1\" \/>\n<link rel=\"canonical\" href=\"https:\/\/www.wpd.fi\/svenska\/till_markagaren\/\" \/>\n<meta property=\"og:locale\" content=\"en_US\" \/>\n<meta property=\"og:type\" content=\"article\" \/>\n<meta property=\"og:title\" content=\"Till mark\u00e4garen\" \/>\n<meta property=\"og:description\" content=\"V\u00e5r verksamhetsmodell och v\u00e5r omfattande erfarenhet p\u00e5 wpd g\u00f6r det enkelt och bekymmersfritt f\u00f6r mark\u00e4gare att teckna ett markarrendeavtal.\" \/>\n<meta property=\"og:url\" content=\"https:\/\/www.wpd.fi\/svenska\/till_markagaren\/\" \/>\n<meta property=\"og:site_name\" content=\"wpd.fi Svenska\" \/>\n<meta property=\"article:modified_time\" content=\"2026-02-23T07:16:16+00:00\" \/>\n<meta property=\"og:image\" content=\"https:\/\/www.wpd.fi\/svenska\/wp-content\/uploads\/sites\/3\/2025\/01\/shutterstock_1894729468-scaled.jpg\" \/>\n\t<meta property=\"og:image:width\" content=\"2560\" \/>\n\t<meta property=\"og:image:height\" content=\"1707\" \/>\n\t<meta property=\"og:image:type\" content=\"image\/jpeg\" \/>\n<meta name=\"twitter:card\" content=\"summary_large_image\" \/>\n<meta name=\"twitter:label1\" content=\"Est. reading time\" \/>\n\t<meta name=\"twitter:data1\" content=\"1 minute\" \/>\n<script type=\"application\/ld+json\" class=\"yoast-schema-graph\">{\"@context\":\"https:\/\/schema.org\",\"@graph\":[{\"@type\":\"WebPage\",\"@id\":\"https:\/\/www.wpd.fi\/svenska\/till_markagaren\/\",\"url\":\"https:\/\/www.wpd.fi\/svenska\/till_markagaren\/\",\"name\":\"Till mark\u00e4garen\",\"isPartOf\":{\"@id\":\"https:\/\/www.wpd.fi\/svenska\/#website\"},\"primaryImageOfPage\":{\"@id\":\"https:\/\/www.wpd.fi\/svenska\/till_markagaren\/#primaryimage\"},\"image\":{\"@id\":\"https:\/\/www.wpd.fi\/svenska\/till_markagaren\/#primaryimage\"},\"thumbnailUrl\":\"https:\/\/www.wpd.fi\/svenska\/wp-content\/uploads\/sites\/3\/2025\/01\/shutterstock_1894729468-scaled.jpg\",\"datePublished\":\"2024-07-10T08:24:13+00:00\",\"dateModified\":\"2026-02-23T07:16:16+00:00\",\"description\":\"V\u00e5r verksamhetsmodell och v\u00e5r omfattande erfarenhet p\u00e5 wpd g\u00f6r det enkelt och bekymmersfritt f\u00f6r mark\u00e4gare att teckna ett markarrendeavtal.\",\"breadcrumb\":{\"@id\":\"https:\/\/www.wpd.fi\/svenska\/till_markagaren\/#breadcrumb\"},\"inLanguage\":\"en-US\",\"potentialAction\":[{\"@type\":\"ReadAction\",\"target\":[\"https:\/\/www.wpd.fi\/svenska\/till_markagaren\/\"]}]},{\"@type\":\"ImageObject\",\"inLanguage\":\"en-US\",\"@id\":\"https:\/\/www.wpd.fi\/svenska\/till_markagaren\/#primaryimage\",\"url\":\"https:\/\/www.wpd.fi\/svenska\/wp-content\/uploads\/sites\/3\/2025\/01\/shutterstock_1894729468-scaled.jpg\",\"contentUrl\":\"https:\/\/www.wpd.fi\/svenska\/wp-content\/uploads\/sites\/3\/2025\/01\/shutterstock_1894729468-scaled.jpg\",\"width\":2560,\"height\":1707},{\"@type\":\"BreadcrumbList\",\"@id\":\"https:\/\/www.wpd.fi\/svenska\/till_markagaren\/#breadcrumb\",\"itemListElement\":[{\"@type\":\"ListItem\",\"position\":1,\"name\":\"Startseite\",\"item\":\"https:\/\/www.wpd.fi\/svenska\/\"},{\"@type\":\"ListItem\",\"position\":2,\"name\":\"Till mark\u00e4garen\"}]},{\"@type\":\"WebSite\",\"@id\":\"https:\/\/www.wpd.fi\/svenska\/#website\",\"url\":\"https:\/\/www.wpd.fi\/svenska\/\",\"name\":\"wpd.fi Svenska\",\"description\":\"Utveckling, konstruktion och drift av projekt inom f\u00f6rnybar energi\",\"potentialAction\":[{\"@type\":\"SearchAction\",\"target\":{\"@type\":\"EntryPoint\",\"urlTemplate\":\"https:\/\/www.wpd.fi\/svenska\/?s={search_term_string}\"},\"query-input\":{\"@type\":\"PropertyValueSpecification\",\"valueRequired\":true,\"valueName\":\"search_term_string\"}}],\"inLanguage\":\"en-US\"}]}<\/script>\n<!-- \/ Yoast SEO plugin. -->","yoast_head_json":{"title":"Till mark\u00e4garen","description":"V\u00e5r verksamhetsmodell och v\u00e5r omfattande erfarenhet p\u00e5 wpd g\u00f6r det enkelt och bekymmersfritt f\u00f6r mark\u00e4gare att teckna ett markarrendeavtal.","robots":{"index":"index","follow":"follow","max-snippet":"max-snippet:-1","max-image-preview":"max-image-preview:large","max-video-preview":"max-video-preview:-1"},"canonical":"https:\/\/www.wpd.fi\/svenska\/till_markagaren\/","og_locale":"en_US","og_type":"article","og_title":"Till mark\u00e4garen","og_description":"V\u00e5r verksamhetsmodell och v\u00e5r omfattande erfarenhet p\u00e5 wpd g\u00f6r det enkelt och bekymmersfritt f\u00f6r mark\u00e4gare att teckna ett markarrendeavtal.","og_url":"https:\/\/www.wpd.fi\/svenska\/till_markagaren\/","og_site_name":"wpd.fi Svenska","article_modified_time":"2026-02-23T07:16:16+00:00","og_image":[{"width":2560,"height":1707,"url":"https:\/\/www.wpd.fi\/svenska\/wp-content\/uploads\/sites\/3\/2025\/01\/shutterstock_1894729468-scaled.jpg","type":"image\/jpeg"}],"twitter_card":"summary_large_image","twitter_misc":{"Est. reading time":"1 minute"},"schema":{"@context":"https:\/\/schema.org","@graph":[{"@type":"WebPage","@id":"https:\/\/www.wpd.fi\/svenska\/till_markagaren\/","url":"https:\/\/www.wpd.fi\/svenska\/till_markagaren\/","name":"Till mark\u00e4garen","isPartOf":{"@id":"https:\/\/www.wpd.fi\/svenska\/#website"},"primaryImageOfPage":{"@id":"https:\/\/www.wpd.fi\/svenska\/till_markagaren\/#primaryimage"},"image":{"@id":"https:\/\/www.wpd.fi\/svenska\/till_markagaren\/#primaryimage"},"thumbnailUrl":"https:\/\/www.wpd.fi\/svenska\/wp-content\/uploads\/sites\/3\/2025\/01\/shutterstock_1894729468-scaled.jpg","datePublished":"2024-07-10T08:24:13+00:00","dateModified":"2026-02-23T07:16:16+00:00","description":"V\u00e5r verksamhetsmodell och v\u00e5r omfattande erfarenhet p\u00e5 wpd g\u00f6r det enkelt och bekymmersfritt f\u00f6r mark\u00e4gare att teckna ett markarrendeavtal.","breadcrumb":{"@id":"https:\/\/www.wpd.fi\/svenska\/till_markagaren\/#breadcrumb"},"inLanguage":"en-US","potentialAction":[{"@type":"ReadAction","target":["https:\/\/www.wpd.fi\/svenska\/till_markagaren\/"]}]},{"@type":"ImageObject","inLanguage":"en-US","@id":"https:\/\/www.wpd.fi\/svenska\/till_markagaren\/#primaryimage","url":"https:\/\/www.wpd.fi\/svenska\/wp-content\/uploads\/sites\/3\/2025\/01\/shutterstock_1894729468-scaled.jpg","contentUrl":"https:\/\/www.wpd.fi\/svenska\/wp-content\/uploads\/sites\/3\/2025\/01\/shutterstock_1894729468-scaled.jpg","width":2560,"height":1707},{"@type":"BreadcrumbList","@id":"https:\/\/www.wpd.fi\/svenska\/till_markagaren\/#breadcrumb","itemListElement":[{"@type":"ListItem","position":1,"name":"Startseite","item":"https:\/\/www.wpd.fi\/svenska\/"},{"@type":"ListItem","position":2,"name":"Till mark\u00e4garen"}]},{"@type":"WebSite","@id":"https:\/\/www.wpd.fi\/svenska\/#website","url":"https:\/\/www.wpd.fi\/svenska\/","name":"wpd.fi Svenska","description":"Utveckling, konstruktion och drift av projekt inom f\u00f6rnybar energi","potentialAction":[{"@type":"SearchAction","target":{"@type":"EntryPoint","urlTemplate":"https:\/\/www.wpd.fi\/svenska\/?s={search_term_string}"},"query-input":{"@type":"PropertyValueSpecification","valueRequired":true,"valueName":"search_term_string"}}],"inLanguage":"en-US"}]}},"publishpress_future_action":{"enabled":false,"date":"2026-04-30 23:27:38","action":"change-status","newStatus":"draft","terms":[],"taxonomy":"","extraData":[]},"publishpress_future_workflow_manual_trigger":{"enabledWorkflows":[]},"_links":{"self":[{"href":"https:\/\/www.wpd.fi\/svenska\/wp-json\/wp\/v2\/pages\/4215","targetHints":{"allow":["GET"]}}],"collection":[{"href":"https:\/\/www.wpd.fi\/svenska\/wp-json\/wp\/v2\/pages"}],"about":[{"href":"https:\/\/www.wpd.fi\/svenska\/wp-json\/wp\/v2\/types\/page"}],"author":[{"embeddable":true,"href":"https:\/\/www.wpd.fi\/svenska\/wp-json\/wp\/v2\/users\/14"}],"replies":[{"embeddable":true,"href":"https:\/\/www.wpd.fi\/svenska\/wp-json\/wp\/v2\/comments?post=4215"}],"version-history":[{"count":271,"href":"https:\/\/www.wpd.fi\/svenska\/wp-json\/wp\/v2\/pages\/4215\/revisions"}],"predecessor-version":[{"id":8230,"href":"https:\/\/www.wpd.fi\/svenska\/wp-json\/wp\/v2\/pages\/4215\/revisions\/8230"}],"wp:featuredmedia":[{"embeddable":true,"href":"https:\/\/www.wpd.fi\/svenska\/wp-json\/wp\/v2\/media\/6693"}],"wp:attachment":[{"href":"https:\/\/www.wpd.fi\/svenska\/wp-json\/wp\/v2\/media?parent=4215"}],"curies":[{"name":"wp","href":"https:\/\/api.w.org\/{rel}","templated":true}]}}