{"id":4595,"date":"2024-10-23T12:43:42","date_gmt":"2024-10-23T12:43:42","guid":{"rendered":"https:\/\/www.wpd.fi\/svenska\/?page_id=4595"},"modified":"2026-01-22T13:56:18","modified_gmt":"2026-01-22T13:56:18","slug":"wpd-finland","status":"publish","type":"page","link":"https:\/\/www.wpd.fi\/svenska\/wpd-finland\/","title":{"rendered":"wpd Finland"},"content":{"rendered":"","protected":false},"excerpt":{"rendered":"Om oss Wpd Finland \u00e4r en del av den internationella wpd-koncernen, som specialiserar sig p\u00e5 utveckling av vind- och solkraft. Ut\u00f6ver utvecklingsarbetet hanterar vi projektkonstruktion, l\u00f6pande underh\u00e5ll och service, vilket s\u00e4kerst\u00e4ller kvaliteten och effektiviteten i v\u00e5ra projekt under hela deras livscykel.\r\n\r\nV\u00e5rt f\u00f6retag har varit verksamt inom sektorn f\u00f6r f\u00f6rnybar energi sedan 1996. Internationellt har vi byggt n\u00e4stan 3 000 vindkraftverk med en total kapacitet p\u00e5 \u00f6ver 6 600 megawatt, vilket motsvarar hela Finlands vindkraftskapacitet. V\u00e5r koncern \u00e4r verksam i mer \u00e4n 30 l\u00e4nder, vilket g\u00f6r oss till en p\u00e5litlig och modern akt\u00f6r som inte \u00e4r k\u00e4nslig f\u00f6r ekonomiska fluktuationer.\r\n\r\nWpd har varit verksamt i Finland sedan 2007. Vi har byggt m\u00e5nga inhemska vindkraftsparker i n\u00e4ra samarbete med kommuner, mark\u00e4gare och inv\u00e5nare. Vi \u00e4r k\u00e4nda som en ansvarsfull och p\u00e5litlig operat\u00f6r och en partner som lyssnar p\u00e5 lokalsamh\u00e4llena. Vi tar milj\u00f6skydd p\u00e5 stort allvar i v\u00e5rt arbete och fokuserar p\u00e5 att skapa nya energil\u00f6sningar p\u00e5 milj\u00f6m\u00e4ssiga villkor.\r\n\r\nV\u00e5rt huvudkontor ligger i trevliga lokaler i Keilaranta, Esbo, och v\u00e5rt andra kontor ligger i Ule\u00e5borg, n\u00e4ra v\u00e5ra norra projektomr\u00e5den. Vi har redan byggt l\u00e5ngt \u00f6ver hundra vindkraftverk i Finland, vars sammanlagda produktion st\u00e5r f\u00f6r cirka tv\u00e5 procent av den inhemska elf\u00f6rbrukningen.\r\n\r\nV\u00e5r arbetsgl\u00e4dje \u00e5terspeglas i det faktum att vi rankas p\u00e5 tredje plats i Finland p\u00e5 listan Great Place to Work f\u00f6r 2025 i kategorin sm\u00e5 f\u00f6retag. F\u00f6rra \u00e5ret rankades vi som den elfte b\u00e4sta arbetsplatsen \u2013 s\u00e5 vi har gjort ett stort spr\u00e5ng fram\u00e5t! Vi har ocks\u00e5 f\u00e5tt Great Place to Work-certifikat f\u00f6r 2022 och 2024. weiss    a:5:{i:0;s:11:&#8221;text-normal&#8221;;i:1;s:11:&#8221;text-normal&#8221;;i:2;s:11:&#8221;text-normal&#8221;;i:3;s:11:&#8221;text-normal&#8221;;i:4;s:11:&#8221;text-normal&#8221;;}  a:1:{i:0;s:3:&#8221;314&#8243;;}   0 a:1:{i:0;s:0:&#8221;&#8221;;} Vi tar hand om milj\u00f6n Tyv\u00e4rr fortskrider klimatf\u00f6r\u00e4ndringarna, men tillsammans kan vi bromsa den globala uppv\u00e4rmningen och till och med v\u00e4nda trenden.\r\n\r\nV\u00e5r vision p\u00e5 wpd Finland \u00e4r att g\u00f6ra v\u00e4rlden 1,5 \u00b0C mer h\u00e5llbar genom att arbeta noggrant, lyssna p\u00e5 v\u00e5ra partners och arbeta inom milj\u00f6ns ramar. V\u00e5r viktigaste uppgift \u00e4r att skapa l\u00f6sningar f\u00f6r f\u00f6rnybar energi som gynnar b\u00e5de nuvarande och framtida generationer. grau   5677 1 fiftififti rechts &#8230; och vi tar hand om varandra Vi \u00e4r s\u00e4rskilt stolta \u00f6ver v\u00e5r utm\u00e4rkta laganda, vilket \u00e5terspeglas i det faktum att vi tv\u00e5 g\u00e5nger har certifierats som en Great Place to Work. Vi har ett kompetent och varmhj\u00e4rtat team d\u00e4r alla blir lyssnade p\u00e5.\r\n\r\nVi anst\u00e4ller alltid de b\u00e4sta experterna till v\u00e5r arbetsgemenskap och str\u00e4var efter att skapa varandra ansvar, frihet, n\u00f6dv\u00e4ndigt st\u00f6d och trygghet p\u00e5 jobbet. V\u00e5r goda laganda bygger p\u00e5 \u00f6msesidig respekt, att lyssna och hj\u00e4lpa varandra. Vi vet att m\u00e5ngfald ger rikedom, och d\u00e4rf\u00f6r l\u00e5ter vi alla vara sig sj\u00e4lva \u2013 i med- och motg\u00e5ng.\r\n\r\nDet \u00e4r vad vi kallar wpd-andan. hellblau   4607 0 fiftififti links Finsk wpd Vi har 21 anst\u00e4llda i Finland och \u00e4r det tredje st\u00f6rsta landet inom vindkraftsutveckling f\u00f6r v\u00e5rt multinationella moderbolag wpd, efter Tyskland och Frankrike. V\u00e5rt finska systerbolag, wpd construction Finland, ansvarar f\u00f6r byggandet av vindkraftsprojekt. V\u00e5rt andra systerbolag \u00e4r wpd Windmanager Suomi Oy, som servar och underh\u00e5ller vindkraftparker.\r\n\r\nDet \u00e4r s\u00e4rskilt viktigt f\u00f6r oss att lokalbefolkningen drar nytta av v\u00e5ra projekt p\u00e5 andra s\u00e4tt \u00e4n bara genom att m\u00f6jligg\u00f6ra produktion av gr\u00f6n energi i omr\u00e5det. Vi st\u00f6der till exempel lokala ungdoms- och idrottsklubbar och andra organisationer som fr\u00e4mjar fritidsaktiviteter och gemenskap genom sm\u00e5skaligt sponsring. V\u00e5r verksamhet ger ocks\u00e5 ytterligare v\u00e4lst\u00e5nd till projektkommunerna i form av skatteint\u00e4kter: m\u00e5nga sm\u00e5 kommuner har haft stor nytta av v\u00e5ra vindkraftsprojekt och har bland annat kunnat bygga ny infrastruktur och ut\u00f6ka tj\u00e4nsterna i sina omr\u00e5den. weiss   5419 0 fiftififti rechts    0 kein_schmuck 0    0 woelbung_nach_unten 0     0 kein_schmuck 0     0 kein_schmuck 0 0  Vi samarbetar med lokala akt\u00f6rer  Vi har samarbetat med inhemska och framf\u00f6r allt lokala entrepren\u00f6rer och underentrepren\u00f6rer i m\u00e5nga projekt, till exempel vindkraftsparken Nuolivaara. Vi str\u00e4var alltid efter att alla v\u00e5ra samarbetspartner, s\u00e5som kommunen, mark\u00e4gare och n\u00e4rliggande f\u00f6retag, ska f\u00e5 s\u00e5 stor nytta som m\u00f6jligt av projektet, b\u00e5de under och efter byggandet.\r\n\r\nLokala akt\u00f6rers roll i v\u00e5ra projekt \u00e4r oftast inriktad p\u00e5 byggandet av vindkraftsparkens infrastruktur, d\u00e4r vi st\u00e4ndigt beh\u00f6ver yrkesm\u00e4n som \u00e4r bekanta med omr\u00e5det f\u00f6r uppgifter som tr\u00e4dborttagning, jordf\u00f6rflyttning, stenbrytning och gr\u00e4vning. En vindkraftspark i drift skapar permanenta arbetstillf\u00e4llen f\u00f6r i genomsnitt 8\u201312 personer under hela produktionsfasen, dvs. i cirka 35 \u00e5r. Vindkraftsparker genererar betydande fastighetsskattint\u00e4kter f\u00f6r kommunerna, som de kan anv\u00e4nda f\u00f6r att utveckla sina tj\u00e4nster.   5397 0   fiftififti 0 links kein_schmuck grau 0  ","protected":false},"author":20,"featured_media":8112,"parent":0,"menu_order":0,"comment_status":"closed","ping_status":"closed","template":"template-flexible-contents.php","meta":{"_acf_changed":false,"footnotes":""},"class_list":["post-4595","page","type-page","status-publish","has-post-thumbnail","hentry"],"acf":[],"yoast_head":"<!-- This site is optimized with the Yoast SEO plugin v27.0 - https:\/\/yoast.com\/product\/yoast-seo-wordpress\/ -->\n<title>wpd Finland<\/title>\n<meta name=\"description\" content=\"wpd Finland \u00e4r en del av den internationella wpd-koncernen, som specialiserar sig p\u00e5 utveckling av vindkraft och solkraft.\" \/>\n<meta name=\"robots\" content=\"index, follow, max-snippet:-1, max-image-preview:large, max-video-preview:-1\" \/>\n<link rel=\"canonical\" href=\"https:\/\/www.wpd.fi\/svenska\/wpd-finland\/\" \/>\n<meta property=\"og:locale\" content=\"en_US\" \/>\n<meta property=\"og:type\" content=\"article\" \/>\n<meta property=\"og:title\" content=\"wpd Finland\" \/>\n<meta property=\"og:description\" content=\"wpd Finland \u00e4r en del av den internationella wpd-koncernen, som specialiserar sig p\u00e5 utveckling av vindkraft och solkraft.\" \/>\n<meta property=\"og:url\" content=\"https:\/\/www.wpd.fi\/svenska\/wpd-finland\/\" \/>\n<meta property=\"og:site_name\" content=\"wpd.fi Svenska\" \/>\n<meta property=\"article:modified_time\" content=\"2026-01-22T13:56:18+00:00\" \/>\n<meta property=\"og:image\" content=\"https:\/\/www.wpd.fi\/svenska\/wp-content\/uploads\/sites\/3\/2026\/01\/IMG_5173-scaled.jpeg\" \/>\n\t<meta property=\"og:image:width\" content=\"2560\" \/>\n\t<meta property=\"og:image:height\" content=\"1920\" \/>\n\t<meta property=\"og:image:type\" content=\"image\/jpeg\" \/>\n<meta name=\"twitter:card\" content=\"summary_large_image\" \/>\n<meta name=\"twitter:label1\" content=\"Est. reading time\" \/>\n\t<meta name=\"twitter:data1\" content=\"1 minute\" \/>\n<script type=\"application\/ld+json\" class=\"yoast-schema-graph\">{\"@context\":\"https:\/\/schema.org\",\"@graph\":[{\"@type\":\"WebPage\",\"@id\":\"https:\/\/www.wpd.fi\/svenska\/wpd-finland\/\",\"url\":\"https:\/\/www.wpd.fi\/svenska\/wpd-finland\/\",\"name\":\"wpd Finland\",\"isPartOf\":{\"@id\":\"https:\/\/www.wpd.fi\/svenska\/#website\"},\"primaryImageOfPage\":{\"@id\":\"https:\/\/www.wpd.fi\/svenska\/wpd-finland\/#primaryimage\"},\"image\":{\"@id\":\"https:\/\/www.wpd.fi\/svenska\/wpd-finland\/#primaryimage\"},\"thumbnailUrl\":\"https:\/\/www.wpd.fi\/svenska\/wp-content\/uploads\/sites\/3\/2026\/01\/IMG_5173-scaled.jpeg\",\"datePublished\":\"2024-10-23T12:43:42+00:00\",\"dateModified\":\"2026-01-22T13:56:18+00:00\",\"description\":\"wpd Finland \u00e4r en del av den internationella wpd-koncernen, som specialiserar sig p\u00e5 utveckling av vindkraft och solkraft.\",\"breadcrumb\":{\"@id\":\"https:\/\/www.wpd.fi\/svenska\/wpd-finland\/#breadcrumb\"},\"inLanguage\":\"en-US\",\"potentialAction\":[{\"@type\":\"ReadAction\",\"target\":[\"https:\/\/www.wpd.fi\/svenska\/wpd-finland\/\"]}]},{\"@type\":\"ImageObject\",\"inLanguage\":\"en-US\",\"@id\":\"https:\/\/www.wpd.fi\/svenska\/wpd-finland\/#primaryimage\",\"url\":\"https:\/\/www.wpd.fi\/svenska\/wp-content\/uploads\/sites\/3\/2026\/01\/IMG_5173-scaled.jpeg\",\"contentUrl\":\"https:\/\/www.wpd.fi\/svenska\/wp-content\/uploads\/sites\/3\/2026\/01\/IMG_5173-scaled.jpeg\",\"width\":2560,\"height\":1920},{\"@type\":\"BreadcrumbList\",\"@id\":\"https:\/\/www.wpd.fi\/svenska\/wpd-finland\/#breadcrumb\",\"itemListElement\":[{\"@type\":\"ListItem\",\"position\":1,\"name\":\"Startseite\",\"item\":\"https:\/\/www.wpd.fi\/svenska\/\"},{\"@type\":\"ListItem\",\"position\":2,\"name\":\"wpd Finland\"}]},{\"@type\":\"WebSite\",\"@id\":\"https:\/\/www.wpd.fi\/svenska\/#website\",\"url\":\"https:\/\/www.wpd.fi\/svenska\/\",\"name\":\"wpd.fi Svenska\",\"description\":\"Utveckling, konstruktion och drift av projekt inom f\u00f6rnybar energi\",\"potentialAction\":[{\"@type\":\"SearchAction\",\"target\":{\"@type\":\"EntryPoint\",\"urlTemplate\":\"https:\/\/www.wpd.fi\/svenska\/?s={search_term_string}\"},\"query-input\":{\"@type\":\"PropertyValueSpecification\",\"valueRequired\":true,\"valueName\":\"search_term_string\"}}],\"inLanguage\":\"en-US\"}]}<\/script>\n<!-- \/ Yoast SEO plugin. -->","yoast_head_json":{"title":"wpd Finland","description":"wpd Finland \u00e4r en del av den internationella wpd-koncernen, som specialiserar sig p\u00e5 utveckling av vindkraft och solkraft.","robots":{"index":"index","follow":"follow","max-snippet":"max-snippet:-1","max-image-preview":"max-image-preview:large","max-video-preview":"max-video-preview:-1"},"canonical":"https:\/\/www.wpd.fi\/svenska\/wpd-finland\/","og_locale":"en_US","og_type":"article","og_title":"wpd Finland","og_description":"wpd Finland \u00e4r en del av den internationella wpd-koncernen, som specialiserar sig p\u00e5 utveckling av vindkraft och solkraft.","og_url":"https:\/\/www.wpd.fi\/svenska\/wpd-finland\/","og_site_name":"wpd.fi Svenska","article_modified_time":"2026-01-22T13:56:18+00:00","og_image":[{"width":2560,"height":1920,"url":"https:\/\/www.wpd.fi\/svenska\/wp-content\/uploads\/sites\/3\/2026\/01\/IMG_5173-scaled.jpeg","type":"image\/jpeg"}],"twitter_card":"summary_large_image","twitter_misc":{"Est. reading time":"1 minute"},"schema":{"@context":"https:\/\/schema.org","@graph":[{"@type":"WebPage","@id":"https:\/\/www.wpd.fi\/svenska\/wpd-finland\/","url":"https:\/\/www.wpd.fi\/svenska\/wpd-finland\/","name":"wpd Finland","isPartOf":{"@id":"https:\/\/www.wpd.fi\/svenska\/#website"},"primaryImageOfPage":{"@id":"https:\/\/www.wpd.fi\/svenska\/wpd-finland\/#primaryimage"},"image":{"@id":"https:\/\/www.wpd.fi\/svenska\/wpd-finland\/#primaryimage"},"thumbnailUrl":"https:\/\/www.wpd.fi\/svenska\/wp-content\/uploads\/sites\/3\/2026\/01\/IMG_5173-scaled.jpeg","datePublished":"2024-10-23T12:43:42+00:00","dateModified":"2026-01-22T13:56:18+00:00","description":"wpd Finland \u00e4r en del av den internationella wpd-koncernen, som specialiserar sig p\u00e5 utveckling av vindkraft och solkraft.","breadcrumb":{"@id":"https:\/\/www.wpd.fi\/svenska\/wpd-finland\/#breadcrumb"},"inLanguage":"en-US","potentialAction":[{"@type":"ReadAction","target":["https:\/\/www.wpd.fi\/svenska\/wpd-finland\/"]}]},{"@type":"ImageObject","inLanguage":"en-US","@id":"https:\/\/www.wpd.fi\/svenska\/wpd-finland\/#primaryimage","url":"https:\/\/www.wpd.fi\/svenska\/wp-content\/uploads\/sites\/3\/2026\/01\/IMG_5173-scaled.jpeg","contentUrl":"https:\/\/www.wpd.fi\/svenska\/wp-content\/uploads\/sites\/3\/2026\/01\/IMG_5173-scaled.jpeg","width":2560,"height":1920},{"@type":"BreadcrumbList","@id":"https:\/\/www.wpd.fi\/svenska\/wpd-finland\/#breadcrumb","itemListElement":[{"@type":"ListItem","position":1,"name":"Startseite","item":"https:\/\/www.wpd.fi\/svenska\/"},{"@type":"ListItem","position":2,"name":"wpd Finland"}]},{"@type":"WebSite","@id":"https:\/\/www.wpd.fi\/svenska\/#website","url":"https:\/\/www.wpd.fi\/svenska\/","name":"wpd.fi Svenska","description":"Utveckling, konstruktion och drift av projekt inom f\u00f6rnybar energi","potentialAction":[{"@type":"SearchAction","target":{"@type":"EntryPoint","urlTemplate":"https:\/\/www.wpd.fi\/svenska\/?s={search_term_string}"},"query-input":{"@type":"PropertyValueSpecification","valueRequired":true,"valueName":"search_term_string"}}],"inLanguage":"en-US"}]}},"publishpress_future_action":{"enabled":false,"date":"2026-04-30 23:27:16","action":"change-status","newStatus":"draft","terms":[],"taxonomy":"","extraData":[]},"publishpress_future_workflow_manual_trigger":{"enabledWorkflows":[]},"_links":{"self":[{"href":"https:\/\/www.wpd.fi\/svenska\/wp-json\/wp\/v2\/pages\/4595","targetHints":{"allow":["GET"]}}],"collection":[{"href":"https:\/\/www.wpd.fi\/svenska\/wp-json\/wp\/v2\/pages"}],"about":[{"href":"https:\/\/www.wpd.fi\/svenska\/wp-json\/wp\/v2\/types\/page"}],"author":[{"embeddable":true,"href":"https:\/\/www.wpd.fi\/svenska\/wp-json\/wp\/v2\/users\/20"}],"replies":[{"embeddable":true,"href":"https:\/\/www.wpd.fi\/svenska\/wp-json\/wp\/v2\/comments?post=4595"}],"version-history":[{"count":227,"href":"https:\/\/www.wpd.fi\/svenska\/wp-json\/wp\/v2\/pages\/4595\/revisions"}],"predecessor-version":[{"id":8111,"href":"https:\/\/www.wpd.fi\/svenska\/wp-json\/wp\/v2\/pages\/4595\/revisions\/8111"}],"wp:featuredmedia":[{"embeddable":true,"href":"https:\/\/www.wpd.fi\/svenska\/wp-json\/wp\/v2\/media\/8112"}],"wp:attachment":[{"href":"https:\/\/www.wpd.fi\/svenska\/wp-json\/wp\/v2\/media?parent=4595"}],"curies":[{"name":"wp","href":"https:\/\/api.w.org\/{rel}","templated":true}]}}