{"id":7284,"date":"2025-01-23T11:07:04","date_gmt":"2025-01-23T11:07:04","guid":{"rendered":"https:\/\/www.wpd.fi\/svenska\/?page_id=7284"},"modified":"2026-01-22T11:02:30","modified_gmt":"2026-01-22T11:02:30","slug":"media-och-kommunikation","status":"publish","type":"page","link":"https:\/\/www.wpd.fi\/svenska\/media-och-kommunikation\/","title":{"rendered":"Media och kommunikation"},"content":{"rendered":"","protected":false},"excerpt":{"rendered":" Media och kommunikation  Vill du veta mer om oss eller v\u00e5rt f\u00f6retag? Eller letar du efter en expert inom utveckling av vind- eller solkraftsprojekt, milj\u00f6konsekvensbed\u00f6mningar eller byggnation av vindkraftsparker? Vi ber\u00e4ttar g\u00e4rna mer!\r\n\r\nF\u00f6r redaktionella fr\u00e5gor, v\u00e4nligen kontakta kommunikationsdirekt\u00f6r <strong>Sari Krappe<\/strong>. Alternativt kan du kontakta VD <strong>Heikki Peltomaa<\/strong> direkt (f\u00f6r fr\u00e5gor som r\u00f6r f\u00f6rnybar energi eller v\u00e5rt f\u00f6retag) eller vice VD <strong>Mattias J\u00e4rvinen<\/strong> (f\u00f6r fr\u00e5gor som r\u00f6r projektutveckling eller principer f\u00f6r milj\u00f6konsekvensbed\u00f6mning).\r\n\r\nV\u00e5ra kontaktuppgifter hittar du\u00a0<a href=\"https:\/\/www.wpd.fi\/svenska\/yhteystiedot\/\" target=\"_blank\" rel=\"noopener\">h\u00e4r.<\/a>     0 kein_schmuck weiss 0 a:3:{i:0;s:11:&#8221;text-normal&#8221;;i:1;s:11:&#8221;text-normal&#8221;;i:2;s:16:&#8221;aktuelles_slider&#8221;;}   a:2:{i:0;s:4:&#8221;7377&#8243;;i:1;s:3:&#8221;228&#8243;;}  0 0 a:1:{i:0;s:0:&#8221;&#8221;;}  Ladda ner v\u00e5r logotyp  V\u00e5r logotyp \u00e4r fritt tillg\u00e4nglig f\u00f6r redaktionellt bruk i media. Om du anv\u00e4nder den, ange alltid \u201dwpd Suomi Oy\u201d som k\u00e4lla. Observera! V\u00e5r logotyp och v\u00e5ra bilder f\u00e5r inte anv\u00e4ndas f\u00f6r privata eller kommersiella \u00e4ndam\u00e5l.\r\nOm du har fr\u00e5gor om v\u00e5rt material eller anv\u00e4ndningen av v\u00e5r logotyp, v\u00e4nligen kontakta kommunikationsdirekt\u00f6r &#x73;&#x2e;&#x6b;&#x72;&#x61;&#x70;&#x70;&#x65;&#x40;&#x77;&#x70;&#x64;&#x2e;&#x66;&#x69;, tel. 040 5620040.\r\n<table class=\" aligncenter\" style=\"width: 100%;border-collapse: collapse\" cellpadding=\"30\">\r\n<tbody>\r\n<tr>\r\n<td style=\"width: 33.3333%;text-align: center\">[insert_button link=\"https:\/\/www.wpd.fi\/svenska\/wp-content\/uploads\/sites\/3\/2025\/01\/wpd-logo-RGB.pdf\" button_text=\"Logo (RGB)\"]<\/td>\r\n<td style=\"width: 33.3333%;text-align: center\">[insert_button link=\"https:\/\/www.wpd.fi\/svenska\/wp-content\/uploads\/sites\/3\/2025\/01\/wpd-logo-RGB.pdf\" button_text=\"Logo (CMYK)\"]<\/td>\r\n<td style=\"width: 33.3333%;text-align: center\">[insert_button link=\"https:\/\/www.wpd.fi\/svenska\/wp-content\/uploads\/sites\/3\/2025\/02\/wpd_Logo_noClaim_weiss_RGB.png\" button_text=\"Logo (vit)\"]<\/td>\r\n<\/tr>\r\n<tr>\r\n<td style=\"width: 33.3333%\"><img loading=\"lazy\" decoding=\"async\" class=\" wp-image-7310 alignleft\" src=\"https:\/\/www.wpd.fi\/svenska\/wp-content\/uploads\/sites\/3\/2025\/01\/wpd_Logo_noClaim_RGB-880x992.jpg\" alt=\"\" width=\"391\" height=\"441\" srcset=\"https:\/\/www.wpd.fi\/svenska\/wp-content\/uploads\/sites\/3\/2025\/01\/wpd_Logo_noClaim_RGB-880x992.jpg 880w, https:\/\/www.wpd.fi\/svenska\/wp-content\/uploads\/sites\/3\/2025\/01\/wpd_Logo_noClaim_RGB-1330x1500.jpg 1330w, https:\/\/www.wpd.fi\/svenska\/wp-content\/uploads\/sites\/3\/2025\/01\/wpd_Logo_noClaim_RGB-768x866.jpg 768w, https:\/\/www.wpd.fi\/svenska\/wp-content\/uploads\/sites\/3\/2025\/01\/wpd_Logo_noClaim_RGB-1362x1536.jpg 1362w, https:\/\/www.wpd.fi\/svenska\/wp-content\/uploads\/sites\/3\/2025\/01\/wpd_Logo_noClaim_RGB-600x677.jpg 600w, https:\/\/www.wpd.fi\/svenska\/wp-content\/uploads\/sites\/3\/2025\/01\/wpd_Logo_noClaim_RGB-720x812.jpg 720w, https:\/\/www.wpd.fi\/svenska\/wp-content\/uploads\/sites\/3\/2025\/01\/wpd_Logo_noClaim_RGB-360x406.jpg 360w, https:\/\/www.wpd.fi\/svenska\/wp-content\/uploads\/sites\/3\/2025\/01\/wpd_Logo_noClaim_RGB.jpg 1706w\" sizes=\"auto, (max-width: 391px) 100vw, 391px\" \/><\/td>\r\n<td style=\"width: 33.3333%\"><img loading=\"lazy\" decoding=\"async\" class=\"alignnone wp-image-7306\" src=\"https:\/\/www.wpd.fi\/svenska\/wp-content\/uploads\/sites\/3\/2025\/01\/wpd_Logo_noClaim_CMYK-880x992.jpg\" alt=\"\" width=\"391\" height=\"441\" srcset=\"https:\/\/www.wpd.fi\/svenska\/wp-content\/uploads\/sites\/3\/2025\/01\/wpd_Logo_noClaim_CMYK-880x992.jpg 880w, https:\/\/www.wpd.fi\/svenska\/wp-content\/uploads\/sites\/3\/2025\/01\/wpd_Logo_noClaim_CMYK-1330x1500.jpg 1330w, https:\/\/www.wpd.fi\/svenska\/wp-content\/uploads\/sites\/3\/2025\/01\/wpd_Logo_noClaim_CMYK-768x866.jpg 768w, https:\/\/www.wpd.fi\/svenska\/wp-content\/uploads\/sites\/3\/2025\/01\/wpd_Logo_noClaim_CMYK-1362x1536.jpg 1362w, https:\/\/www.wpd.fi\/svenska\/wp-content\/uploads\/sites\/3\/2025\/01\/wpd_Logo_noClaim_CMYK-600x677.jpg 600w, https:\/\/www.wpd.fi\/svenska\/wp-content\/uploads\/sites\/3\/2025\/01\/wpd_Logo_noClaim_CMYK-720x812.jpg 720w, https:\/\/www.wpd.fi\/svenska\/wp-content\/uploads\/sites\/3\/2025\/01\/wpd_Logo_noClaim_CMYK-360x406.jpg 360w, https:\/\/www.wpd.fi\/svenska\/wp-content\/uploads\/sites\/3\/2025\/01\/wpd_Logo_noClaim_CMYK.jpg 1744w\" sizes=\"auto, (max-width: 391px) 100vw, 391px\" \/><\/td>\r\n<td style=\"width: 33.3333%\"><img loading=\"lazy\" decoding=\"async\" class=\"alignnone wp-image-7554\" src=\"https:\/\/www.wpd.fi\/svenska\/wp-content\/uploads\/sites\/3\/2025\/02\/wpd_Logo_noClaim_weiss_RGB-879x992.png\" alt=\"\" width=\"391\" height=\"441\" srcset=\"https:\/\/www.wpd.fi\/svenska\/wp-content\/uploads\/sites\/3\/2025\/02\/wpd_Logo_noClaim_weiss_RGB-879x992.png 879w, https:\/\/www.wpd.fi\/svenska\/wp-content\/uploads\/sites\/3\/2025\/02\/wpd_Logo_noClaim_weiss_RGB-1329x1500.png 1329w, https:\/\/www.wpd.fi\/svenska\/wp-content\/uploads\/sites\/3\/2025\/02\/wpd_Logo_noClaim_weiss_RGB-768x867.png 768w, https:\/\/www.wpd.fi\/svenska\/wp-content\/uploads\/sites\/3\/2025\/02\/wpd_Logo_noClaim_weiss_RGB-1360x1536.png 1360w, https:\/\/www.wpd.fi\/svenska\/wp-content\/uploads\/sites\/3\/2025\/02\/wpd_Logo_noClaim_weiss_RGB-600x677.png 600w, https:\/\/www.wpd.fi\/svenska\/wp-content\/uploads\/sites\/3\/2025\/02\/wpd_Logo_noClaim_weiss_RGB-720x813.png 720w, https:\/\/www.wpd.fi\/svenska\/wp-content\/uploads\/sites\/3\/2025\/02\/wpd_Logo_noClaim_weiss_RGB-360x406.png 360w, https:\/\/www.wpd.fi\/svenska\/wp-content\/uploads\/sites\/3\/2025\/02\/wpd_Logo_noClaim_weiss_RGB.png 1705w\" sizes=\"auto, (max-width: 391px) 100vw, 391px\" \/><\/td>\r\n<\/tr>\r\n<\/tbody>\r\n<\/table>\r\n&nbsp;\r\n\r\n&nbsp;     0 kein_schmuck grau 0 Aktuellt  weiss kein_schmuck ","protected":false},"author":20,"featured_media":7285,"parent":0,"menu_order":0,"comment_status":"closed","ping_status":"closed","template":"template-flexible-contents.php","meta":{"_acf_changed":false,"footnotes":""},"class_list":["post-7284","page","type-page","status-publish","has-post-thumbnail","hentry"],"acf":[],"yoast_head":"<!-- This site is optimized with the Yoast SEO plugin v27.0 - https:\/\/yoast.com\/product\/yoast-seo-wordpress\/ -->\n<title>Media och kommunikation<\/title>\n<meta name=\"description\" content=\"Vill du veta mer om oss eller v\u00e5rt f\u00f6retag? F\u00f6r redaktionella fr\u00e5gor, v\u00e4nligen kontakta kommunikationsdirekt\u00f6r Sari Krappe s.krappe@wpd.fi.\" \/>\n<meta name=\"robots\" content=\"index, follow, max-snippet:-1, max-image-preview:large, max-video-preview:-1\" \/>\n<link rel=\"canonical\" href=\"https:\/\/www.wpd.fi\/svenska\/media-och-kommunikation\/\" \/>\n<meta property=\"og:locale\" content=\"en_US\" \/>\n<meta property=\"og:type\" content=\"article\" \/>\n<meta property=\"og:title\" content=\"Media och kommunikation\" \/>\n<meta property=\"og:description\" content=\"Vill du veta mer om oss eller v\u00e5rt f\u00f6retag? F\u00f6r redaktionella fr\u00e5gor, v\u00e4nligen kontakta kommunikationsdirekt\u00f6r Sari Krappe s.krappe@wpd.fi.\" \/>\n<meta property=\"og:url\" content=\"https:\/\/www.wpd.fi\/svenska\/media-och-kommunikation\/\" \/>\n<meta property=\"og:site_name\" content=\"wpd.fi Svenska\" \/>\n<meta property=\"article:modified_time\" content=\"2026-01-22T11:02:30+00:00\" \/>\n<meta property=\"og:image\" content=\"https:\/\/www.wpd.fi\/svenska\/wp-content\/uploads\/sites\/3\/2025\/01\/notes-5487593_1920-1-e1737622502259.jpg\" \/>\n\t<meta property=\"og:image:width\" content=\"1920\" \/>\n\t<meta property=\"og:image:height\" content=\"1110\" \/>\n\t<meta property=\"og:image:type\" content=\"image\/jpeg\" \/>\n<meta name=\"twitter:card\" content=\"summary_large_image\" \/>\n<meta name=\"twitter:label1\" content=\"Est. reading time\" \/>\n\t<meta name=\"twitter:data1\" content=\"1 minute\" \/>\n<script type=\"application\/ld+json\" class=\"yoast-schema-graph\">{\"@context\":\"https:\/\/schema.org\",\"@graph\":[{\"@type\":\"WebPage\",\"@id\":\"https:\/\/www.wpd.fi\/svenska\/media-och-kommunikation\/\",\"url\":\"https:\/\/www.wpd.fi\/svenska\/media-och-kommunikation\/\",\"name\":\"Media och kommunikation\",\"isPartOf\":{\"@id\":\"https:\/\/www.wpd.fi\/svenska\/#website\"},\"primaryImageOfPage\":{\"@id\":\"https:\/\/www.wpd.fi\/svenska\/media-och-kommunikation\/#primaryimage\"},\"image\":{\"@id\":\"https:\/\/www.wpd.fi\/svenska\/media-och-kommunikation\/#primaryimage\"},\"thumbnailUrl\":\"https:\/\/www.wpd.fi\/svenska\/wp-content\/uploads\/sites\/3\/2025\/01\/notes-5487593_1920-1-e1737622502259.jpg\",\"datePublished\":\"2025-01-23T11:07:04+00:00\",\"dateModified\":\"2026-01-22T11:02:30+00:00\",\"description\":\"Vill du veta mer om oss eller v\u00e5rt f\u00f6retag? F\u00f6r redaktionella fr\u00e5gor, v\u00e4nligen kontakta kommunikationsdirekt\u00f6r Sari Krappe s.krappe@wpd.fi.\",\"breadcrumb\":{\"@id\":\"https:\/\/www.wpd.fi\/svenska\/media-och-kommunikation\/#breadcrumb\"},\"inLanguage\":\"en-US\",\"potentialAction\":[{\"@type\":\"ReadAction\",\"target\":[\"https:\/\/www.wpd.fi\/svenska\/media-och-kommunikation\/\"]}]},{\"@type\":\"ImageObject\",\"inLanguage\":\"en-US\",\"@id\":\"https:\/\/www.wpd.fi\/svenska\/media-och-kommunikation\/#primaryimage\",\"url\":\"https:\/\/www.wpd.fi\/svenska\/wp-content\/uploads\/sites\/3\/2025\/01\/notes-5487593_1920-1-e1737622502259.jpg\",\"contentUrl\":\"https:\/\/www.wpd.fi\/svenska\/wp-content\/uploads\/sites\/3\/2025\/01\/notes-5487593_1920-1-e1737622502259.jpg\",\"width\":1920,\"height\":1110},{\"@type\":\"BreadcrumbList\",\"@id\":\"https:\/\/www.wpd.fi\/svenska\/media-och-kommunikation\/#breadcrumb\",\"itemListElement\":[{\"@type\":\"ListItem\",\"position\":1,\"name\":\"Startseite\",\"item\":\"https:\/\/www.wpd.fi\/svenska\/\"},{\"@type\":\"ListItem\",\"position\":2,\"name\":\"Media och kommunikation\"}]},{\"@type\":\"WebSite\",\"@id\":\"https:\/\/www.wpd.fi\/svenska\/#website\",\"url\":\"https:\/\/www.wpd.fi\/svenska\/\",\"name\":\"wpd.fi Svenska\",\"description\":\"Utveckling, konstruktion och drift av projekt inom f\u00f6rnybar energi\",\"potentialAction\":[{\"@type\":\"SearchAction\",\"target\":{\"@type\":\"EntryPoint\",\"urlTemplate\":\"https:\/\/www.wpd.fi\/svenska\/?s={search_term_string}\"},\"query-input\":{\"@type\":\"PropertyValueSpecification\",\"valueRequired\":true,\"valueName\":\"search_term_string\"}}],\"inLanguage\":\"en-US\"}]}<\/script>\n<!-- \/ Yoast SEO plugin. -->","yoast_head_json":{"title":"Media och kommunikation","description":"Vill du veta mer om oss eller v\u00e5rt f\u00f6retag? F\u00f6r redaktionella fr\u00e5gor, v\u00e4nligen kontakta kommunikationsdirekt\u00f6r Sari Krappe s.krappe@wpd.fi.","robots":{"index":"index","follow":"follow","max-snippet":"max-snippet:-1","max-image-preview":"max-image-preview:large","max-video-preview":"max-video-preview:-1"},"canonical":"https:\/\/www.wpd.fi\/svenska\/media-och-kommunikation\/","og_locale":"en_US","og_type":"article","og_title":"Media och kommunikation","og_description":"Vill du veta mer om oss eller v\u00e5rt f\u00f6retag? F\u00f6r redaktionella fr\u00e5gor, v\u00e4nligen kontakta kommunikationsdirekt\u00f6r Sari Krappe s.krappe@wpd.fi.","og_url":"https:\/\/www.wpd.fi\/svenska\/media-och-kommunikation\/","og_site_name":"wpd.fi Svenska","article_modified_time":"2026-01-22T11:02:30+00:00","og_image":[{"width":1920,"height":1110,"url":"https:\/\/www.wpd.fi\/svenska\/wp-content\/uploads\/sites\/3\/2025\/01\/notes-5487593_1920-1-e1737622502259.jpg","type":"image\/jpeg"}],"twitter_card":"summary_large_image","twitter_misc":{"Est. reading time":"1 minute"},"schema":{"@context":"https:\/\/schema.org","@graph":[{"@type":"WebPage","@id":"https:\/\/www.wpd.fi\/svenska\/media-och-kommunikation\/","url":"https:\/\/www.wpd.fi\/svenska\/media-och-kommunikation\/","name":"Media och kommunikation","isPartOf":{"@id":"https:\/\/www.wpd.fi\/svenska\/#website"},"primaryImageOfPage":{"@id":"https:\/\/www.wpd.fi\/svenska\/media-och-kommunikation\/#primaryimage"},"image":{"@id":"https:\/\/www.wpd.fi\/svenska\/media-och-kommunikation\/#primaryimage"},"thumbnailUrl":"https:\/\/www.wpd.fi\/svenska\/wp-content\/uploads\/sites\/3\/2025\/01\/notes-5487593_1920-1-e1737622502259.jpg","datePublished":"2025-01-23T11:07:04+00:00","dateModified":"2026-01-22T11:02:30+00:00","description":"Vill du veta mer om oss eller v\u00e5rt f\u00f6retag? F\u00f6r redaktionella fr\u00e5gor, v\u00e4nligen kontakta kommunikationsdirekt\u00f6r Sari Krappe s.krappe@wpd.fi.","breadcrumb":{"@id":"https:\/\/www.wpd.fi\/svenska\/media-och-kommunikation\/#breadcrumb"},"inLanguage":"en-US","potentialAction":[{"@type":"ReadAction","target":["https:\/\/www.wpd.fi\/svenska\/media-och-kommunikation\/"]}]},{"@type":"ImageObject","inLanguage":"en-US","@id":"https:\/\/www.wpd.fi\/svenska\/media-och-kommunikation\/#primaryimage","url":"https:\/\/www.wpd.fi\/svenska\/wp-content\/uploads\/sites\/3\/2025\/01\/notes-5487593_1920-1-e1737622502259.jpg","contentUrl":"https:\/\/www.wpd.fi\/svenska\/wp-content\/uploads\/sites\/3\/2025\/01\/notes-5487593_1920-1-e1737622502259.jpg","width":1920,"height":1110},{"@type":"BreadcrumbList","@id":"https:\/\/www.wpd.fi\/svenska\/media-och-kommunikation\/#breadcrumb","itemListElement":[{"@type":"ListItem","position":1,"name":"Startseite","item":"https:\/\/www.wpd.fi\/svenska\/"},{"@type":"ListItem","position":2,"name":"Media och kommunikation"}]},{"@type":"WebSite","@id":"https:\/\/www.wpd.fi\/svenska\/#website","url":"https:\/\/www.wpd.fi\/svenska\/","name":"wpd.fi Svenska","description":"Utveckling, konstruktion och drift av projekt inom f\u00f6rnybar energi","potentialAction":[{"@type":"SearchAction","target":{"@type":"EntryPoint","urlTemplate":"https:\/\/www.wpd.fi\/svenska\/?s={search_term_string}"},"query-input":{"@type":"PropertyValueSpecification","valueRequired":true,"valueName":"search_term_string"}}],"inLanguage":"en-US"}]}},"publishpress_future_action":{"enabled":false,"date":"2026-04-30 23:27:15","action":"change-status","newStatus":"draft","terms":[],"taxonomy":"","extraData":[]},"publishpress_future_workflow_manual_trigger":{"enabledWorkflows":[]},"_links":{"self":[{"href":"https:\/\/www.wpd.fi\/svenska\/wp-json\/wp\/v2\/pages\/7284","targetHints":{"allow":["GET"]}}],"collection":[{"href":"https:\/\/www.wpd.fi\/svenska\/wp-json\/wp\/v2\/pages"}],"about":[{"href":"https:\/\/www.wpd.fi\/svenska\/wp-json\/wp\/v2\/types\/page"}],"author":[{"embeddable":true,"href":"https:\/\/www.wpd.fi\/svenska\/wp-json\/wp\/v2\/users\/20"}],"replies":[{"embeddable":true,"href":"https:\/\/www.wpd.fi\/svenska\/wp-json\/wp\/v2\/comments?post=7284"}],"version-history":[{"count":119,"href":"https:\/\/www.wpd.fi\/svenska\/wp-json\/wp\/v2\/pages\/7284\/revisions"}],"predecessor-version":[{"id":8218,"href":"https:\/\/www.wpd.fi\/svenska\/wp-json\/wp\/v2\/pages\/7284\/revisions\/8218"}],"wp:featuredmedia":[{"embeddable":true,"href":"https:\/\/www.wpd.fi\/svenska\/wp-json\/wp\/v2\/media\/7285"}],"wp:attachment":[{"href":"https:\/\/www.wpd.fi\/svenska\/wp-json\/wp\/v2\/media?parent=7284"}],"curies":[{"name":"wp","href":"https:\/\/api.w.org\/{rel}","templated":true}]}}